May 26 09:40:21.483497 skumari-gcp-wd9nd-master-0.c.openshift-gce-devel.internal crio[1569]: time="2020-05-26 09:40:21.483424145Z" level=info msg="Got pod network &{Name:installer-3-skumari-gcp-wd9nd-master-0.c.openshift-gce-devel.internal Namespace:openshift-kube-controller-manager ID:7f3a6f15e1ee56e5c1c84d05105c32ec3e9e65a0fef7fc611e158d7649725f6c NetNS:/var/run/netns/04c5b80a-3f20-4b48-84fa-81c12c344b07 Networks:[] RuntimeConfig:map[multus-cni-network:{IP: MAC: PortMappings:[] Bandwidth: IpRanges:[]}]}"
May 26 09:40:21.483497 skumari-gcp-wd9nd-master-0.c.openshift-gce-devel.internal crio[1569]: time="2020-05-26 09:40:21.483479886Z" level=info msg="About to add CNI network multus-cni-network (type=multus)"
May 26 09:40:21.513407 skumari-gcp-wd9nd-master-0.c.openshift-gce-devel.internal crio[1569]: time="2020-05-26 09:40:21.513358981Z" level=info msg="Attempting to create container: openshift-dns/dns-default-98wcq/dns-node-resolver" id=1e029d5b-39fc-4ced-88d5-9bfad20e8737 name=/runtime.v1alpha2.RuntimeService/CreateContainer
May 26 09:40:21.607415 skumari-gcp-wd9nd-master-2.c.openshift-gce-devel.internal crio[1564]: time="2020-05-26 09:40:21.607289741Z" level=info msg="Exec'd [/usr/share/openvswitch/scripts/ovs-ctl status] in openshift-ovn-kubernetes/ovs-node-frshc/ovs-daemons" id=c463117d-baf5-4cbe-ac83-baa0c1f72404 name=/runtime.v1alpha2.RuntimeService/ExecSync
May 26 09:40:21.644344 skumari-gcp-wd9nd-master-2.c.openshift-gce-devel.internal crio[1564]: time="2020-05-26 09:40:21.644167298Z" level=info msg="Attempting to stop pod sandbox: 56296db1ff53f0c0b22d946412d3d3e3051cb05e7dce4aa48eae43769f791cd3" id=8f48ded8-7cb4-4ea6-914b-f4fb2e3b24f6 name=/runtime.v1alpha2.RuntimeService/StopPodSandbox
May 26 09:40:21.644608 skumari-gcp-wd9nd-master-2.c.openshift-gce-devel.internal crio[1564]: time="2020-05-26 09:40:21.644574041Z" level=warning msg="Unknown CNI cache file /var/lib/cni/results/ovn-kubernetes-56296db1ff53f0c0b22d946412d3d3e3051cb05e7dce4aa48eae43769f791cd3-eth0 kind \"\""
May 26 09:40:21.648860 skumari-gcp-wd9nd-master-2.c.openshift-gce-devel.internal crio[1564]: time="2020-05-26 09:40:21.648802926Z" level=info msg="Got pod network &{Name:installer-3-skumari-gcp-wd9nd-master-2.c.openshift-gce-devel.internal Namespace:openshift-kube-scheduler ID:56296db1ff53f0c0b22d946412d3d3e3051cb05e7dce4aa48eae43769f791cd3 NetNS:/var/run/netns/a82958a0-8087-4747-8db4-271ddbdd8fec Networks:[{Name:multus-cni-network Ifname:eth0}] RuntimeConfig:map[multus-cni-network:{IP: MAC: PortMappings:[] Bandwidth: IpRanges:[]}]}"
May 26 09:40:21.649076 skumari-gcp-wd9nd-master-2.c.openshift-gce-devel.internal crio[1564]: time="2020-05-26 09:40:21.649040172Z" level=info msg="About to del CNI network multus-cni-network (type=multus)"
May 26 09:40:21.671695 skumari-gcp-wd9nd-master-2.c.openshift-gce-devel.internal crio[1564]: time="2020-05-26 09:40:21.671644708Z" level=info msg="Attempting to run pod sandbox with infra container: openshift-kube-scheduler/openshift-kube-scheduler-skumari-gcp-wd9nd-master-2.c.openshift-gce-devel.internal/POD" id=b999546b-3f16-4cd3-a723-ce33d65fe189 name=/runtime.v1alpha2.RuntimeService/RunPodSandbox
May 26 09:40:21.690931 skumari-gcp-wd9nd-master-2.c.openshift-gce-devel.internal crio[1564]: 2020-05-26T09:40:21Z [verbose] Del: openshift-kube-scheduler:installer-3-skumari-gcp-wd9nd-master-2.c.openshift-gce-devel.internal:eb4a20a1-ddc6-48fb-aade-530a656c2565:ovn-kubernetes:eth0 {"cniVersion":"0.4.0","dns":{},"ipam":{},"logFile":"/var/log/ovn-kubernetes/ovn-k8s-cni-overlay.log","logLevel":"4","name":"ovn-kubernetes","type":"ovn-k8s-cni-overlay"}
May 26 09:40:21.737752 skumari-gcp-wd9nd-master-1.c.openshift-gce-devel.internal crio[1549]: time="2020-05-26 09:40:21.737682444Z" level=info msg="Exec'd [/usr/share/openvswitch/scripts/ovs-ctl status] in openshift-ovn-kubernetes/ovs-node-ncbjf/ovs-daemons" id=cf9d5712-674c-4614-bd81-347572960641 name=/runtime.v1alpha2.RuntimeService/ExecSync
May 26 09:40:21.774848 skumari-gcp-wd9nd-master-0.c.openshift-gce-devel.internal crio[1569]: time="2020-05-26 09:40:21.774727152Z" level=info msg="Created container 35c5e5d543936a7c96156e1589391accaa8515a505ae3140d273172be998438a: openshift-dns/dns-default-98wcq/dns-node-resolver" id=1e029d5b-39fc-4ced-88d5-9bfad20e8737 name=/runtime.v1alpha2.RuntimeService/CreateContainer
May 26 09:40:21.800541 skumari-gcp-wd9nd-master-0.c.openshift-gce-devel.internal crio[1569]: time="2020-05-26 09:40:21.800484809Z" level=info msg="Started container 35c5e5d543936a7c96156e1589391accaa8515a505ae3140d273172be998438a: openshift-dns/dns-default-98wcq/dns-node-resolver" id=18ca5e39-39cb-41d0-9e01-9b3cc0a3b01b name=/runtime.v1alpha2.RuntimeService/StartContainer
May 26 09:40:21.881675 skumari-gcp-wd9nd-master-0.c.openshift-gce-devel.internal crio[1569]: time="2020-05-26 09:40:21.881601842Z" level=info msg="Created container a660415d60a45837786e1db1091ea0dddfb945b2f187b63e864443d6e23b504d: openshift-operator-lifecycle-manager/packageserver-d4495dff9-dkrcf/packageserver" id=56f7e1cf-4f98-48e9-b637-48a81d83634a name=/runtime.v1alpha2.RuntimeService/CreateContainer
May 26 09:40:21.899760 skumari-gcp-wd9nd-master-0.c.openshift-gce-devel.internal crio[1569]: time="2020-05-26 09:40:21.899681955Z" level=info msg="Started container a660415d60a45837786e1db1091ea0dddfb945b2f187b63e864443d6e23b504d: openshift-operator-lifecycle-manager/packageserver-d4495dff9-dkrcf/packageserver" id=b7d272b9-1ca0-4a04-b74a-1e9d3965582a name=/runtime.v1alpha2.RuntimeService/StartContainer
May 26 09:40:22.053625 skumari-gcp-wd9nd-master-2.c.openshift-gce-devel.internal crio[1564]: time="2020-05-26 09:40:22.053538744Z" level=info msg="Ran pod sandbox 5e79dd1b3ff350fe2646249a160782f6d4275d2f8f855ba05a075b1741ec3dd6 with infra container: openshift-kube-scheduler/openshift-kube-scheduler-skumari-gcp-wd9nd-master-2.c.openshift-gce-devel.internal/POD" id=b999546b-3f16-4cd3-a723-ce33d65fe189 name=/runtime.v1alpha2.RuntimeService/RunPodSandbox
May 26 09:40:22.092518 skumari-gcp-wd9nd-master-2.c.openshift-gce-devel.internal crio[1564]: time="2020-05-26 09:40:22.092474401Z" level=info msg="Attempting to stop pod sandbox: 56296db1ff53f0c0b22d946412d3d3e3051cb05e7dce4aa48eae43769f791cd3" id=50d46e3d-579b-4bba-a8f7-7f9893e111d0 name=/runtime.v1alpha2.RuntimeService/StopPodSandbox
May 26 09:40:23.011839 skumari-gcp-wd9nd-master-0.c.openshift-gce-devel.internal crio[1569]: 2020-05-26T09:40:23Z [verbose] Add: openshift-kube-controller-manager:installer-3-skumari-gcp-wd9nd-master-0.c.openshift-gce-devel.internal:6e9cfdaa-5008-4df7-9015-a3e86c23d3e4:(ovn-kubernetes):eth0 {"cniVersion":"0.4.0","interfaces":[{"name":"7f3a6f15e1ee56e","mac":"d6:c2:4c:58:6f:ae"},{"name":"eth0","mac":"3e:b5:a6:80:00:15","sandbox":"/var/run/netns/04c5b80a-3f20-4b48-84fa-81c12c344b07"}],"ips":[{"version":"4","interface":1,"address":"10.128.0.20/23","gateway":"10.128.0.1"}],"dns":{}}
May 26 09:40:23.012934 skumari-gcp-wd9nd-master-0.c.openshift-gce-devel.internal crio[1569]: I0526 09:40:23.012492 10784 event.go:221] Event(v1.ObjectReference{Kind:"Pod", Namespace:"openshift-kube-controller-manager", Name:"installer-3-skumari-gcp-wd9nd-master-0.c.openshift-gce-devel.internal", UID:"6e9cfdaa-5008-4df7-9015-a3e86c23d3e4", APIVersion:"v1", ResourceVersion:"5607", FieldPath:""}): type: 'Normal' reason: 'AddedInterface' Add eth0 [10.128.0.20/23]
May 26 09:40:23.025945 skumari-gcp-wd9nd-master-0.c.openshift-gce-devel.internal crio[1569]: time="2020-05-26 09:40:23.025885006Z" level=info msg="Got pod network &{Name:installer-3-skumari-gcp-wd9nd-master-0.c.openshift-gce-devel.internal Namespace:openshift-kube-controller-manager ID:7f3a6f15e1ee56e5c1c84d05105c32ec3e9e65a0fef7fc611e158d7649725f6c NetNS:/var/run/netns/04c5b80a-3f20-4b48-84fa-81c12c344b07 Networks:[] RuntimeConfig:map[multus-cni-network:{IP: MAC: PortMappings:[] Bandwidth: IpRanges:[]}]}"
May 26 09:40:23.026162 skumari-gcp-wd9nd-master-0.c.openshift-gce-devel.internal crio[1569]: time="2020-05-26 09:40:23.026133309Z" level=info msg="About to check CNI network multus-cni-network (type=multus)"
May 26 09:40:24.116115 skumari-gcp-wd9nd-master-1.c.openshift-gce-devel.internal crio[1549]: time="2020-05-26 09:40:24.115941843Z" level=info msg="Attempting to remove container: f65e10faedd8ac1d68749de87f812cabe7c63b53a63097633e5863ccb5e0dfad" id=c7e2e862-05d8-4b80-b067-25ea5c44583d name=/runtime.v1alpha2.RuntimeService/RemoveContainer
May 26 09:40:24.172307 skumari-gcp-wd9nd-master-2.c.openshift-gce-devel.internal crio[1564]: time="2020-05-26 09:40:24.172256217Z" level=info msg="Stopped pod sandbox: 56296db1ff53f0c0b22d946412d3d3e3051cb05e7dce4aa48eae43769f791cd3" id=8f48ded8-7cb4-4ea6-914b-f4fb2e3b24f6 name=/runtime.v1alpha2.RuntimeService/StopPodSandbox
May 26 09:40:24.213485 skumari-gcp-wd9nd-master-2.c.openshift-gce-devel.internal crio[1564]: time="2020-05-26 09:40:24.213421912Z" level=info msg="Exec'd [/bin/bash -c set -xe\nexec /usr/bin/ovn-appctl -t /var/run/ovn/ovnnb_db.ctl cluster/status OVN_Northbound 2>/dev/null | grep ${K8S_NODE_IP} | grep -v Address -q\n] in openshift-ovn-kubernetes/ovnkube-master-qmplt/nbdb" id=7bea9914-1b8e-40e4-a68c-32794b204495 name=/runtime.v1alpha2.RuntimeService/ExecSync
May 26 09:40:24.218959 skumari-gcp-wd9nd-master-2.c.openshift-gce-devel.internal crio[1564]: time="2020-05-26 09:40:24.218875164Z" level=info msg="Exec'd [/usr/share/openvswitch/scripts/ovs-ctl status] in openshift-ovn-kubernetes/ovs-node-frshc/ovs-daemons" id=8d7a0b88-ad00-4cb5-a5c8-992ea185592e name=/runtime.v1alpha2.RuntimeService/ExecSync
May 26 09:40:24.390246 skumari-gcp-wd9nd-master-2.c.openshift-gce-devel.internal crio[1564]: time="2020-05-26 09:40:24.390114703Z" level=info msg="Exec'd [/bin/bash -c set -xe\nexec /usr/bin/ovn-appctl -t /var/run/ovn/ovnsb_db.ctl cluster/status OVN_Southbound 2>/dev/null | grep ${K8S_NODE_IP} | grep -v Address -q\n] in openshift-ovn-kubernetes/ovnkube-master-qmplt/sbdb" id=a03ba1fc-65b7-454c-8f58-abb11143b7cf name=/runtime.v1alpha2.RuntimeService/ExecSync
May 26 09:40:24.502969 skumari-gcp-wd9nd-master-1.c.openshift-gce-devel.internal crio[1549]: time="2020-05-26 09:40:24.502909319Z" level=info msg="Exec'd [test -f /etc/cni/net.d/10-ovn-kubernetes.conf] in openshift-ovn-kubernetes/ovnkube-node-lgs85/ovnkube-node" id=f4086eef-088d-4a57-afae-8ac2de39f6cb name=/runtime.v1alpha2.RuntimeService/ExecSync
May 26 09:40:24.661416 skumari-gcp-wd9nd-master-2.c.openshift-gce-devel.internal crio[1564]: time="2020-05-26 09:40:24.661372164Z" level=info msg="Attempting to create container: openshift-kube-apiserver-operator/kube-apiserver-operator-67fbdb9f4f-x24mz/kube-apiserver-operator" id=56edc063-cde1-4ce5-b400-b59e028b1adc name=/runtime.v1alpha2.RuntimeService/CreateContainer
May 26 09:40:24.739048 skumari-gcp-wd9nd-master-0.c.openshift-gce-devel.internal crio[1569]: time="2020-05-26 09:40:24.738949115Z" level=info msg="Exec'd [test -f /etc/cni/net.d/10-ovn-kubernetes.conf] in openshift-ovn-kubernetes/ovnkube-node-ttlvd/ovnkube-node" id=e820dfc3-29bb-4407-80ca-f246b42f2c36 name=/runtime.v1alpha2.RuntimeService/ExecSync
May 26 09:40:24.869023 skumari-gcp-wd9nd-master-2.c.openshift-gce-devel.internal crio[1564]: time="2020-05-26 09:40:24.868964001Z" level=info msg="Exec'd [test -f /etc/cni/net.d/10-ovn-kubernetes.conf] in openshift-ovn-kubernetes/ovnkube-node-bt8cv/ovnkube-node" id=c2d2db57-685f-4dfc-8099-ca79ac1e15ff name=/runtime.v1alpha2.RuntimeService/ExecSync
May 26 09:40:24.888235 skumari-gcp-wd9nd-master-2.c.openshift-gce-devel.internal crio[1564]: time="2020-05-26 09:40:24.888183815Z" level=info msg="Created container 8c196044bd520ea04a64292a1e29319c80dee5a530b1d63ed228603d600e5ae0: openshift-kube-apiserver-operator/kube-apiserver-operator-67fbdb9f4f-x24mz/kube-apiserver-operator" id=56edc063-cde1-4ce5-b400-b59e028b1adc name=/runtime.v1alpha2.RuntimeService/CreateContainer
May 26 09:40:24.927702 skumari-gcp-wd9nd-master-2.c.openshift-gce-devel.internal crio[1564]: time="2020-05-26 09:40:24.927562383Z" level=info msg="Started container 8c196044bd520ea04a64292a1e29319c80dee5a530b1d63ed228603d600e5ae0: openshift-kube-apiserver-operator/kube-apiserver-operator-67fbdb9f4f-x24mz/kube-apiserver-operator" id=3ede90c1-354d-47c2-aa8d-82a609d21678 name=/runtime.v1alpha2.RuntimeService/StartContainer
May 26 09:40:25.042731 skumari-gcp-wd9nd-master-0.c.openshift-gce-devel.internal crio[1569]: time="2020-05-26 09:40:25.040691702Z" level=info msg="Attempting to create container: openshift-service-ca-operator/service-ca-operator-8564496c84-hbxk4/operator" id=4a8819b0-60a8-426c-a355-63dfe917db4a name=/runtime.v1alpha2.RuntimeService/CreateContainer
May 26 09:40:25.054029 skumari-gcp-wd9nd-master-0.c.openshift-gce-devel.internal crio[1569]: time="2020-05-26 09:40:25.053980171Z" level=info msg="Exec'd [/usr/share/openvswitch/scripts/ovs-ctl status] in openshift-ovn-kubernetes/ovs-node-cmd9v/ovs-daemons" id=4957b731-c7e3-422f-966a-e98b80343f92 name=/runtime.v1alpha2.RuntimeService/ExecSync
May 26 09:40:25.129882 skumari-gcp-wd9nd-master-0.c.openshift-gce-devel.internal crio[1569]: time="2020-05-26 09:40:25.129839099Z" level=info msg="Ran pod sandbox 7f3a6f15e1ee56e5c1c84d05105c32ec3e9e65a0fef7fc611e158d7649725f6c with infra container: openshift-kube-controller-manager/installer-3-skumari-gcp-wd9nd-master-0.c.openshift-gce-devel.internal/POD" id=8c7905cd-2a87-4e92-8316-c48893857896 name=/runtime.v1alpha2.RuntimeService/RunPodSandbox
May 26 09:40:25.142961 skumari-gcp-wd9nd-master-0.c.openshift-gce-devel.internal crio[1569]: time="2020-05-26 09:40:25.139640667Z" level=info msg="Attempting to create container: openshift-kube-controller-manager/installer-3-skumari-gcp-wd9nd-master-0.c.openshift-gce-devel.internal/installer" id=9f2e6b63-22b4-4b35-8c2a-7c0bfece89d8 name=/runtime.v1alpha2.RuntimeService/CreateContainer
May 26 09:40:25.225576 skumari-gcp-wd9nd-master-0.c.openshift-gce-devel.internal crio[1569]: time="2020-05-26 09:40:25.225424764Z" level=info msg="Created container f05e1f4d474446fb0b72fa7e27631b47ec048db2aa8b2641104808c22afedac8: openshift-service-ca-operator/service-ca-operator-8564496c84-hbxk4/operator" id=4a8819b0-60a8-426c-a355-63dfe917db4a name=/runtime.v1alpha2.RuntimeService/CreateContainer
May 26 09:40:25.240850 skumari-gcp-wd9nd-master-0.c.openshift-gce-devel.internal crio[1569]: time="2020-05-26 09:40:25.240771096Z" level=info msg="Started container f05e1f4d474446fb0b72fa7e27631b47ec048db2aa8b2641104808c22afedac8: openshift-service-ca-operator/service-ca-operator-8564496c84-hbxk4/operator" id=6b1e4454-21ab-4a21-8154-de7c296b57ab name=/runtime.v1alpha2.RuntimeService/StartContainer
May 26 09:40:25.797148 skumari-gcp-wd9nd-master-0.c.openshift-gce-devel.internal crio[1569]: time="2020-05-26 09:40:25.797067842Z" level=info msg="Created container 0d096d0d7cbc98cbe027cb06b283b8a978ec369b283b34f99c9adddc14cdc833: openshift-kube-controller-manager/installer-3-skumari-gcp-wd9nd-master-0.c.openshift-gce-devel.internal/installer" id=9f2e6b63-22b4-4b35-8c2a-7c0bfece89d8 name=/runtime.v1alpha2.RuntimeService/CreateContainer
May 26 09:40:25.818318 skumari-gcp-wd9nd-master-0.c.openshift-gce-devel.internal crio[1569]: time="2020-05-26 09:40:25.818254566Z" level=info msg="Started container 0d096d0d7cbc98cbe027cb06b283b8a978ec369b283b34f99c9adddc14cdc833: openshift-kube-controller-manager/installer-3-skumari-gcp-wd9nd-master-0.c.openshift-gce-devel.internal/installer" id=e8eb3b6a-6500-4617-9bd3-764a2ade1a0d name=/runtime.v1alpha2.RuntimeService/StartContainer
May 26 09:40:26.013163 skumari-gcp-wd9nd-master-0.c.openshift-gce-devel.internal crio[1569]: time="2020-05-26 09:40:26.013088741Z" level=info msg="Exec'd [/usr/share/openvswitch/scripts/ovs-ctl status] in openshift-ovn-kubernetes/ovs-node-cmd9v/ovs-daemons" id=292743c4-5540-4a0e-a742-832061470a8b name=/runtime.v1alpha2.RuntimeService/ExecSync
May 26 09:40:26.616932 skumari-gcp-wd9nd-master-2.c.openshift-gce-devel.internal crio[1564]: time="2020-05-26 09:40:26.616834082Z" level=info msg="Exec'd [/usr/share/openvswitch/scripts/ovs-ctl status] in openshift-ovn-kubernetes/ovs-node-frshc/ovs-daemons" id=b1c9c33b-311c-4df6-9290-d4c1ef7647a9 name=/runtime.v1alpha2.RuntimeService/ExecSync
May 26 09:40:27.051723 skumari-gcp-wd9nd-master-0.c.openshift-gce-devel.internal crio[1569]: time="2020-05-26 09:40:27.051665336Z" level=info msg="Attempting to create container: openshift-authentication-operator/authentication-operator-67867b6c8-45tzg/operator" id=4b04f31e-6834-4370-b563-469d2a2a20e2 name=/runtime.v1alpha2.RuntimeService/CreateContainer
May 26 09:40:27.227700 skumari-gcp-wd9nd-master-0.c.openshift-gce-devel.internal crio[1569]: time="2020-05-26 09:40:27.227644482Z" level=info msg="Created container d96bf0abf5c4a7740d79f7752e60d23d9aba5e4906f332d5e434152dc2e9da17: openshift-authentication-operator/authentication-operator-67867b6c8-45tzg/operator" id=4b04f31e-6834-4370-b563-469d2a2a20e2 name=/runtime.v1alpha2.RuntimeService/CreateContainer
May 26 09:40:27.243363 skumari-gcp-wd9nd-master-2.c.openshift-gce-devel.internal crio[1564]: time="2020-05-26 09:40:27.243298418Z" level=info msg="Attempting to run pod sandbox with infra container: openshift-kube-scheduler/revision-pruner-3-skumari-gcp-wd9nd-master-2.c.openshift-gce-devel.internal/POD" id=1ced3623-42bc-4e36-ac02-7b2bd590863a name=/runtime.v1alpha2.RuntimeService/RunPodSandbox
May 26 09:40:27.247145 skumari-gcp-wd9nd-master-0.c.openshift-gce-devel.internal crio[1569]: time="2020-05-26 09:40:27.247055792Z" level=info msg="Started container d96bf0abf5c4a7740d79f7752e60d23d9aba5e4906f332d5e434152dc2e9da17: openshift-authentication-operator/authentication-operator-67867b6c8-45tzg/operator" id=f62bda48-ddf1-4ab2-b29e-1282ae5494b8 name=/runtime.v1alpha2.RuntimeService/StartContainer
May 26 09:40:27.256727 skumari-gcp-wd9nd-master-2.c.openshift-gce-devel.internal crio[1564]: time="2020-05-26 09:40:27.256657058Z" level=info msg="Got pod network &{Name:revision-pruner-3-skumari-gcp-wd9nd-master-2.c.openshift-gce-devel.internal Namespace:openshift-kube-scheduler ID:baed93ea78fb533785213fc580f31a368dfe169a877acdb7c6fa56c036786c83 NetNS:/var/run/netns/e6f90a10-8af4-416e-8cf2-20c881f6f5ad Networks:[] RuntimeConfig:map[multus-cni-network:{IP: MAC: PortMappings:[] Bandwidth: IpRanges:[]}]}"
May 26 09:40:27.256727 skumari-gcp-wd9nd-master-2.c.openshift-gce-devel.internal crio[1564]: time="2020-05-26 09:40:27.256714121Z" level=info msg="About to add CNI network multus-cni-network (type=multus)"
May 26 09:40:27.520018 skumari-gcp-wd9nd-master-2.c.openshift-gce-devel.internal crio[1564]: time="2020-05-26 09:40:27.519864752Z" level=info msg="Exec'd [/usr/share/openvswitch/scripts/ovs-ctl status] in openshift-ovn-kubernetes/ovs-node-frshc/ovs-daemons" id=330fbe26-46be-49fc-921f-51c4b53a502b name=/runtime.v1alpha2.RuntimeService/ExecSync
May 26 09:40:28.056956 skumari-gcp-wd9nd-master-0.c.openshift-gce-devel.internal crio[1569]: time="2020-05-26 09:40:28.056901821Z" level=info msg="Attempting to create container: openshift-kube-scheduler-operator/openshift-kube-scheduler-operator-dbb7f7747-hwkw5/kube-scheduler-operator-container" id=5917d89f-d176-47b7-baf8-f179ab454363 name=/runtime.v1alpha2.RuntimeService/CreateContainer
May 26 09:40:28.232619 skumari-gcp-wd9nd-master-1.c.openshift-gce-devel.internal crio[1549]: time="2020-05-26 09:40:28.232545782Z" level=info msg="Removed container f65e10faedd8ac1d68749de87f812cabe7c63b53a63097633e5863ccb5e0dfad: openshift-etcd/etcd-skumari-gcp-wd9nd-master-1.c.openshift-gce-devel.internal/etcd" id=c7e2e862-05d8-4b80-b067-25ea5c44583d name=/runtime.v1alpha2.RuntimeService/RemoveContainer
May 26 09:40:28.232705 skumari-gcp-wd9nd-master-0.c.openshift-gce-devel.internal crio[1569]: time="2020-05-26 09:40:28.232635274Z" level=info msg="Created container ccea04ec8575c617489688e3619c962206e499820776055ab68f6c9ef0dc199c: openshift-kube-scheduler-operator/openshift-kube-scheduler-operator-dbb7f7747-hwkw5/kube-scheduler-operator-container" id=5917d89f-d176-47b7-baf8-f179ab454363 name=/runtime.v1alpha2.RuntimeService/CreateContainer
May 26 09:40:28.251140 skumari-gcp-wd9nd-master-0.c.openshift-gce-devel.internal crio[1569]: time="2020-05-26 09:40:28.251046199Z" level=info msg="Started container ccea04ec8575c617489688e3619c962206e499820776055ab68f6c9ef0dc199c: openshift-kube-scheduler-operator/openshift-kube-scheduler-operator-dbb7f7747-hwkw5/kube-scheduler-operator-container" id=c3cc817f-5184-4ef1-8071-28d6b68798c1 name=/runtime.v1alpha2.RuntimeService/StartContainer
May 26 09:40:28.270942 skumari-gcp-wd9nd-master-1.c.openshift-gce-devel.internal crio[1549]: time="2020-05-26 09:40:28.270868792Z" level=info msg="Exec'd [/bin/bash -c set -xe\nexec /usr/bin/ovn-appctl -t /var/run/ovn/ovnsb_db.ctl cluster/status OVN_Southbound 2>/dev/null | grep ${K8S_NODE_IP} | grep -v Address -q\n] in openshift-ovn-kubernetes/ovnkube-master-ssrct/sbdb" id=717f622a-7844-4069-8979-cd6532d8ef87 name=/runtime.v1alpha2.RuntimeService/ExecSync
May 26 09:40:28.279437 skumari-gcp-wd9nd-master-1.c.openshift-gce-devel.internal crio[1549]: time="2020-05-26 09:40:28.279377786Z" level=info msg="Exec'd [/usr/share/openvswitch/scripts/ovs-ctl status] in openshift-ovn-kubernetes/ovs-node-ncbjf/ovs-daemons" id=dfd50caa-f8f9-4e92-a352-a260001726a7 name=/runtime.v1alpha2.RuntimeService/ExecSync
May 26 09:40:28.281080 skumari-gcp-wd9nd-master-1.c.openshift-gce-devel.internal crio[1549]: time="2020-05-26 09:40:28.281010476Z" level=info msg="Exec'd [/bin/bash -c set -xe\nexec /usr/bin/ovn-appctl -t /var/run/ovn/ovnnb_db.ctl cluster/status OVN_Northbound 2>/dev/null | grep ${K8S_NODE_IP} | grep -v Address -q\n] in openshift-ovn-kubernetes/ovnkube-master-ssrct/nbdb" id=fc2e2b08-da5e-43d5-b169-8a07d915706e name=/runtime.v1alpha2.RuntimeService/ExecSync
May 26 09:40:28.303876 skumari-gcp-wd9nd-master-1.c.openshift-gce-devel.internal crio[1549]: time="2020-05-26 09:40:28.303789691Z" level=info msg="Exec'd [/usr/share/openvswitch/scripts/ovs-ctl status] in openshift-ovn-kubernetes/ovs-node-ncbjf/ovs-daemons" id=d1ce6f5f-671c-4d0e-9597-5343189f016c name=/runtime.v1alpha2.RuntimeService/ExecSync
May 26 09:40:28.321316 skumari-gcp-wd9nd-master-0.c.openshift-gce-devel.internal crio[1569]: time="2020-05-26 09:40:28.321266521Z" level=info msg="Attempting to run pod sandbox with infra container: openshift-kube-controller-manager/kube-controller-manager-skumari-gcp-wd9nd-master-0.c.openshift-gce-devel.internal/POD" id=2c9c727c-da1f-4cce-93b1-f711d9d31e71 name=/runtime.v1alpha2.RuntimeService/RunPodSandbox
May 26 09:40:28.705029 skumari-gcp-wd9nd-master-0.c.openshift-gce-devel.internal crio[1569]: time="2020-05-26 09:40:28.704856177Z" level=info msg="Ran pod sandbox b977c3e1a0fb74d31f45d802224fb0c7c4ea36dd6285c1e55e551ce3ef0266d0 with infra container: openshift-kube-controller-manager/kube-controller-manager-skumari-gcp-wd9nd-master-0.c.openshift-gce-devel.internal/POD" id=2c9c727c-da1f-4cce-93b1-f711d9d31e71 name=/runtime.v1alpha2.RuntimeService/RunPodSandbox
May 26 09:40:28.712241 skumari-gcp-wd9nd-master-0.c.openshift-gce-devel.internal crio[1569]: time="2020-05-26 09:40:28.712196504Z" level=info msg="Attempting to create container: openshift-kube-controller-manager/kube-controller-manager-skumari-gcp-wd9nd-master-0.c.openshift-gce-devel.internal/wait-for-host-ports" id=ad04fe34-b8ec-4a52-8934-d023782e0f8f name=/runtime.v1alpha2.RuntimeService/CreateContainer
May 26 09:40:28.886823 skumari-gcp-wd9nd-master-0.c.openshift-gce-devel.internal crio[1569]: time="2020-05-26 09:40:28.886766349Z" level=info msg="Created container 07425bbf07785d464b1dfbaff87298e1aea79d5437a441c759d8dbf15cd1ea0a: openshift-kube-controller-manager/kube-controller-manager-skumari-gcp-wd9nd-master-0.c.openshift-gce-devel.internal/wait-for-host-ports" id=ad04fe34-b8ec-4a52-8934-d023782e0f8f name=/runtime.v1alpha2.RuntimeService/CreateContainer
May 26 09:40:28.904192 skumari-gcp-wd9nd-master-0.c.openshift-gce-devel.internal crio[1569]: time="2020-05-26 09:40:28.904091545Z" level=info msg="Started container 07425bbf07785d464b1dfbaff87298e1aea79d5437a441c759d8dbf15cd1ea0a: openshift-kube-controller-manager/kube-controller-manager-skumari-gcp-wd9nd-master-0.c.openshift-gce-devel.internal/wait-for-host-ports" id=6dd89a02-8240-4b1b-bfa5-873f907f2366 name=/runtime.v1alpha2.RuntimeService/StartContainer
May 26 09:40:29.068820 skumari-gcp-wd9nd-master-0.c.openshift-gce-devel.internal crio[1569]: time="2020-05-26 09:40:29.068759241Z" level=info msg="Attempting to stop pod sandbox: 7f3a6f15e1ee56e5c1c84d05105c32ec3e9e65a0fef7fc611e158d7649725f6c" id=b578bd1a-3123-479d-8083-6dcef044c697 name=/runtime.v1alpha2.RuntimeService/StopPodSandbox
May 26 09:40:29.069415 skumari-gcp-wd9nd-master-0.c.openshift-gce-devel.internal crio[1569]: time="2020-05-26 09:40:29.069308916Z" level=warning msg="Unknown CNI cache file /var/lib/cni/results/ovn-kubernetes-7f3a6f15e1ee56e5c1c84d05105c32ec3e9e65a0fef7fc611e158d7649725f6c-eth0 kind \"\""
May 26 09:40:29.078282 skumari-gcp-wd9nd-master-0.c.openshift-gce-devel.internal crio[1569]: time="2020-05-26 09:40:29.077909371Z" level=info msg="Got pod network &{Name:installer-3-skumari-gcp-wd9nd-master-0.c.openshift-gce-devel.internal Namespace:openshift-kube-controller-manager ID:7f3a6f15e1ee56e5c1c84d05105c32ec3e9e65a0fef7fc611e158d7649725f6c NetNS:/var/run/netns/04c5b80a-3f20-4b48-84fa-81c12c344b07 Networks:[{Name:multus-cni-network Ifname:eth0}] RuntimeConfig:map[multus-cni-network:{IP: MAC: PortMappings:[] Bandwidth: IpRanges:[]}]}"
May 26 09:40:29.078282 skumari-gcp-wd9nd-master-0.c.openshift-gce-devel.internal crio[1569]: time="2020-05-26 09:40:29.078253896Z" level=info msg="About to del CNI network multus-cni-network (type=multus)"
May 26 09:40:29.123640 skumari-gcp-wd9nd-master-0.c.openshift-gce-devel.internal crio[1569]: 2020-05-26T09:40:29Z [verbose] Del: openshift-kube-controller-manager:installer-3-skumari-gcp-wd9nd-master-0.c.openshift-gce-devel.internal:6e9cfdaa-5008-4df7-9015-a3e86c23d3e4:ovn-kubernetes:eth0 {"cniVersion":"0.4.0","dns":{},"ipam":{},"logFile":"/var/log/ovn-kubernetes/ovn-k8s-cni-overlay.log","logLevel":"4","name":"ovn-kubernetes","type":"ovn-k8s-cni-overlay"}
May 26 09:40:29.182430 skumari-gcp-wd9nd-master-2.c.openshift-gce-devel.internal crio[1564]: 2020-05-26T09:40:29Z [verbose] Add: openshift-kube-scheduler:revision-pruner-3-skumari-gcp-wd9nd-master-2.c.openshift-gce-devel.internal:1a0a2ef6-f71a-49ad-b489-05aa22166408:(ovn-kubernetes):eth0 {"cniVersion":"0.4.0","interfaces":[{"name":"baed93ea78fb533","mac":"e2:7e:e8:71:b9:d0"},{"name":"eth0","mac":"3e:b5:a6:82:00:0b","sandbox":"/var/run/netns/e6f90a10-8af4-416e-8cf2-20c881f6f5ad"}],"ips":[{"version":"4","interface":1,"address":"10.130.0.10/23","gateway":"10.130.0.1"}],"dns":{}}
May 26 09:40:29.183183 skumari-gcp-wd9nd-master-2.c.openshift-gce-devel.internal crio[1564]: I0526 09:40:29.183118 9602 event.go:221] Event(v1.ObjectReference{Kind:"Pod", Namespace:"openshift-kube-scheduler", Name:"revision-pruner-3-skumari-gcp-wd9nd-master-2.c.openshift-gce-devel.internal", UID:"1a0a2ef6-f71a-49ad-b489-05aa22166408", APIVersion:"v1", ResourceVersion:"5830", FieldPath:""}): type: 'Normal' reason: 'AddedInterface' Add eth0 [10.130.0.10/23]
May 26 09:40:29.198785 skumari-gcp-wd9nd-master-2.c.openshift-gce-devel.internal crio[1564]: time="2020-05-26 09:40:29.198719682Z" level=info msg="Got pod network &{Name:revision-pruner-3-skumari-gcp-wd9nd-master-2.c.openshift-gce-devel.internal Namespace:openshift-kube-scheduler ID:baed93ea78fb533785213fc580f31a368dfe169a877acdb7c6fa56c036786c83 NetNS:/var/run/netns/e6f90a10-8af4-416e-8cf2-20c881f6f5ad Networks:[] RuntimeConfig:map[multus-cni-network:{IP: MAC: PortMappings:[] Bandwidth: IpRanges:[]}]}"
May 26 09:40:29.198996 skumari-gcp-wd9nd-master-2.c.openshift-gce-devel.internal crio[1564]: time="2020-05-26 09:40:29.198965190Z" level=info msg="About to check CNI network multus-cni-network (type=multus)"
May 26 09:40:29.495863 skumari-gcp-wd9nd-master-1.c.openshift-gce-devel.internal crio[1549]: time="2020-05-26 09:40:29.495763409Z" level=info msg="Exec'd [test -f /etc/cni/net.d/10-ovn-kubernetes.conf] in openshift-ovn-kubernetes/ovnkube-node-lgs85/ovnkube-node" id=1df2aff7-6cb6-45ba-9e40-09dc1d1fbaab name=/runtime.v1alpha2.RuntimeService/ExecSync
May 26 09:40:29.709153 skumari-gcp-wd9nd-master-1.c.openshift-gce-devel.internal crio[1549]: time="2020-05-26 09:40:29.708944497Z" level=info msg="Attempting to create container: openshift-operator-lifecycle-manager/packageserver-57d45dd6c4-qmg7s/packageserver" id=91dd605d-abf1-4673-bf8f-99acd18b0399 name=/runtime.v1alpha2.RuntimeService/CreateContainer
May 26 09:40:29.724870 skumari-gcp-wd9nd-master-1.c.openshift-gce-devel.internal crio[1549]: time="2020-05-26 09:40:29.724807198Z" level=info msg="Attempting to create container: openshift-dns/dns-default-g2z89/dns-node-resolver" id=2f1ab8d6-0ef2-44c6-90c7-fa40f28e32b9 name=/runtime.v1alpha2.RuntimeService/CreateContainer
May 26 09:40:29.772388 skumari-gcp-wd9nd-master-0.c.openshift-gce-devel.internal crio[1569]: time="2020-05-26 09:40:29.772332009Z" level=info msg="Stopped pod sandbox: 7f3a6f15e1ee56e5c1c84d05105c32ec3e9e65a0fef7fc611e158d7649725f6c" id=b578bd1a-3123-479d-8083-6dcef044c697 name=/runtime.v1alpha2.RuntimeService/StopPodSandbox
May 26 09:40:29.821737 skumari-gcp-wd9nd-master-0.c.openshift-gce-devel.internal crio[1569]: time="2020-05-26 09:40:29.821676170Z" level=info msg="Exec'd [test -f /etc/cni/net.d/10-ovn-kubernetes.conf] in openshift-ovn-kubernetes/ovnkube-node-ttlvd/ovnkube-node" id=dd2936f8-1f54-4279-a3d4-79af3becf95b name=/runtime.v1alpha2.RuntimeService/ExecSync
May 26 09:40:29.841121 skumari-gcp-wd9nd-master-2.c.openshift-gce-devel.internal crio[1564]: time="2020-05-26 09:40:29.840061649Z" level=info msg="Exec'd [test -f /etc/cni/net.d/10-ovn-kubernetes.conf] in openshift-ovn-kubernetes/ovnkube-node-bt8cv/ovnkube-node" id=a3ee6a3a-7486-4a4e-8527-37f0a8aff48c name=/runtime.v1alpha2.RuntimeService/ExecSync
May 26 09:40:29.885854 skumari-gcp-wd9nd-master-1.c.openshift-gce-devel.internal crio[1549]: time="2020-05-26 09:40:29.885779634Z" level=info msg="Created container 368f030a5f2aabd3a32d4127182456f2b4cc8b22a38a12abf363381f91d73331: openshift-dns/dns-default-g2z89/dns-node-resolver" id=2f1ab8d6-0ef2-44c6-90c7-fa40f28e32b9 name=/runtime.v1alpha2.RuntimeService/CreateContainer
May 26 09:40:29.899531 skumari-gcp-wd9nd-master-1.c.openshift-gce-devel.internal crio[1549]: time="2020-05-26 09:40:29.899466851Z" level=info msg="Created container fb1d4fb19a1dd12228784990d7147e11560b6d7771d1e8c7549c39201679f11f: openshift-operator-lifecycle-manager/packageserver-57d45dd6c4-qmg7s/packageserver" id=91dd605d-abf1-4673-bf8f-99acd18b0399 name=/runtime.v1alpha2.RuntimeService/CreateContainer
May 26 09:40:29.905023 skumari-gcp-wd9nd-master-1.c.openshift-gce-devel.internal crio[1549]: time="2020-05-26 09:40:29.903084253Z" level=info msg="Started container 368f030a5f2aabd3a32d4127182456f2b4cc8b22a38a12abf363381f91d73331: openshift-dns/dns-default-g2z89/dns-node-resolver" id=9fab7cd7-19d1-42c6-8f26-cb50a9c58fe2 name=/runtime.v1alpha2.RuntimeService/StartContainer
May 26 09:40:29.919460 skumari-gcp-wd9nd-master-1.c.openshift-gce-devel.internal crio[1549]: time="2020-05-26 09:40:29.919393496Z" level=info msg="Started container fb1d4fb19a1dd12228784990d7147e11560b6d7771d1e8c7549c39201679f11f: openshift-operator-lifecycle-manager/packageserver-57d45dd6c4-qmg7s/packageserver" id=49b122fb-a7fb-4cb2-9116-661bb78eaea1 name=/runtime.v1alpha2.RuntimeService/StartContainer
May 26 09:40:29.959920 skumari-gcp-wd9nd-master-0.c.openshift-gce-devel.internal crio[1569]: time="2020-05-26 09:40:29.959767483Z" level=info msg="Exec'd [/bin/bash -c set -xe\nexec /usr/bin/ovn-appctl -t /var/run/ovn/ovnnb_db.ctl cluster/status OVN_Northbound 2>/dev/null | grep ${K8S_NODE_IP} | grep -v Address -q\n] in openshift-ovn-kubernetes/ovnkube-master-w5bfh/nbdb" id=0220023e-eb37-4c2c-97f4-3428364dadd3 name=/runtime.v1alpha2.RuntimeService/ExecSync
May 26 09:40:30.109871 skumari-gcp-wd9nd-master-0.c.openshift-gce-devel.internal crio[1569]: time="2020-05-26 09:40:30.109760984Z" level=info msg="Exec'd [/usr/share/openvswitch/scripts/ovs-ctl status] in openshift-ovn-kubernetes/ovs-node-cmd9v/ovs-daemons" id=92a30a42-73c0-4c2d-af89-c06e146666ac name=/runtime.v1alpha2.RuntimeService/ExecSync
May 26 09:40:30.487254 skumari-gcp-wd9nd-master-0.c.openshift-gce-devel.internal crio[1569]: time="2020-05-26 09:40:30.487190264Z" level=info msg="Exec'd [/bin/bash -c set -xe\nexec /usr/bin/ovn-appctl -t /var/run/ovn/ovnsb_db.ctl cluster/status OVN_Southbound 2>/dev/null | grep ${K8S_NODE_IP} | grep -v Address -q\n] in openshift-ovn-kubernetes/ovnkube-master-w5bfh/sbdb" id=5fa65aa8-87ea-4e20-8e4c-18ecfcbbe76a name=/runtime.v1alpha2.RuntimeService/ExecSync
May 26 09:40:30.596277 skumari-gcp-wd9nd-master-0.c.openshift-gce-devel.internal crio[1569]: time="2020-05-26 09:40:30.596207073Z" level=info msg="Attempting to stop pod sandbox: 7f3a6f15e1ee56e5c1c84d05105c32ec3e9e65a0fef7fc611e158d7649725f6c" id=f641603a-0d0f-4321-9015-badf569c6db2 name=/runtime.v1alpha2.RuntimeService/StopPodSandbox
May 26 09:40:30.733931 skumari-gcp-wd9nd-master-1.c.openshift-gce-devel.internal crio[1549]: time="2020-05-26 09:40:30.733834743Z" level=info msg="Exec'd [/usr/share/openvswitch/scripts/ovs-ctl status] in openshift-ovn-kubernetes/ovs-node-ncbjf/ovs-daemons" id=c1b421b4-4851-49ef-b17c-fdcb7eef4b48 name=/runtime.v1alpha2.RuntimeService/ExecSync
May 26 09:40:30.992116 skumari-gcp-wd9nd-master-0.c.openshift-gce-devel.internal crio[1569]: time="2020-05-26 09:40:30.992012253Z" level=info msg="Exec'd [/usr/share/openvswitch/scripts/ovs-ctl status] in openshift-ovn-kubernetes/ovs-node-cmd9v/ovs-daemons" id=f18fee6c-0184-4f02-b3b7-921914e0bab4 name=/runtime.v1alpha2.RuntimeService/ExecSync
May 26 09:40:31.082753 skumari-gcp-wd9nd-master-0.c.openshift-gce-devel.internal crio[1569]: time="2020-05-26 09:40:31.082635289Z" level=info msg="Attempting to create container: openshift-kube-controller-manager/kube-controller-manager-skumari-gcp-wd9nd-master-0.c.openshift-gce-devel.internal/kube-controller-manager" id=026a1431-137c-44fd-8e20-560a231727a8 name=/runtime.v1alpha2.RuntimeService/CreateContainer
May 26 09:40:31.276189 skumari-gcp-wd9nd-master-0.c.openshift-gce-devel.internal crio[1569]: time="2020-05-26 09:40:31.276092040Z" level=info msg="Created container 5fdc9c0ad69414e86ac78cf20b8c35bd05112519e0b0eaf0ce48dfecb52e1bf1: openshift-kube-controller-manager/kube-controller-manager-skumari-gcp-wd9nd-master-0.c.openshift-gce-devel.internal/kube-controller-manager" id=026a1431-137c-44fd-8e20-560a231727a8 name=/runtime.v1alpha2.RuntimeService/CreateContainer
May 26 09:40:31.296073 skumari-gcp-wd9nd-master-0.c.openshift-gce-devel.internal crio[1569]: time="2020-05-26 09:40:31.296002868Z" level=info msg="Started container 5fdc9c0ad69414e86ac78cf20b8c35bd05112519e0b0eaf0ce48dfecb52e1bf1: openshift-kube-controller-manager/kube-controller-manager-skumari-gcp-wd9nd-master-0.c.openshift-gce-devel.internal/kube-controller-manager" id=7e6b6cb9-f5f4-4b58-ac5a-5a9465f4fee0 name=/runtime.v1alpha2.RuntimeService/StartContainer
May 26 09:40:31.374583 skumari-gcp-wd9nd-master-2.c.openshift-gce-devel.internal crio[1564]: time="2020-05-26 09:40:31.374448367Z" level=info msg="Ran pod sandbox baed93ea78fb533785213fc580f31a368dfe169a877acdb7c6fa56c036786c83 with infra container: openshift-kube-scheduler/revision-pruner-3-skumari-gcp-wd9nd-master-2.c.openshift-gce-devel.internal/POD" id=1ced3623-42bc-4e36-ac02-7b2bd590863a name=/runtime.v1alpha2.RuntimeService/RunPodSandbox
May 26 09:40:31.616491 skumari-gcp-wd9nd-master-1.c.openshift-gce-devel.internal crio[1549]: time="2020-05-26 09:40:31.616429437Z" level=info msg="Exec'd [/usr/share/openvswitch/scripts/ovs-ctl status] in openshift-ovn-kubernetes/ovs-node-ncbjf/ovs-daemons" id=2226ab82-e163-47b3-bd9c-7529b21fea28 name=/runtime.v1alpha2.RuntimeService/ExecSync
May 26 09:40:31.677690 skumari-gcp-wd9nd-master-2.c.openshift-gce-devel.internal crio[1564]: time="2020-05-26 09:40:31.677571664Z" level=info msg="Exec'd [/usr/share/openvswitch/scripts/ovs-ctl status] in openshift-ovn-kubernetes/ovs-node-frshc/ovs-daemons" id=fb73ca14-3c1c-4079-a90e-c5e06a8eb2e9 name=/runtime.v1alpha2.RuntimeService/ExecSync
May 26 09:40:31.861750 skumari-gcp-wd9nd-master-1.c.openshift-gce-devel.internal crio[1549]: time="2020-05-26 09:40:31.861652325Z" level=info msg="Attempting to run pod sandbox with infra container: openshift-operator-lifecycle-manager/packageserver-d4495dff9-prl66/POD" id=3afb0835-4bcf-495b-ac66-5ee60c4418bd name=/runtime.v1alpha2.RuntimeService/RunPodSandbox
May 26 09:40:31.875436 skumari-gcp-wd9nd-master-1.c.openshift-gce-devel.internal crio[1549]: time="2020-05-26 09:40:31.875358952Z" level=info msg="Got pod network &{Name:packageserver-d4495dff9-prl66 Namespace:openshift-operator-lifecycle-manager ID:1bad42d2b5e19839a5c2d8a7757646c2807a0342ee0ebcedf4aa11a176001bd8 NetNS:/var/run/netns/711369ce-740c-4600-aecc-acaefb2aa586 Networks:[] RuntimeConfig:map[multus-cni-network:{IP: MAC: PortMappings:[] Bandwidth: IpRanges:[]}]}"
May 26 09:40:31.875436 skumari-gcp-wd9nd-master-1.c.openshift-gce-devel.internal crio[1549]: time="2020-05-26 09:40:31.875415235Z" level=info msg="About to add CNI network multus-cni-network (type=multus)"
May 26 09:40:32.139531 skumari-gcp-wd9nd-master-1.c.openshift-gce-devel.internal crio[1549]: time="2020-05-26 09:40:32.137216913Z" level=info msg="Attempting to stop container: fb1d4fb19a1dd12228784990d7147e11560b6d7771d1e8c7549c39201679f11f" id=854194d6-7d69-476a-beb0-834efeb50b9d name=/runtime.v1alpha2.RuntimeService/StopContainer
May 26 09:40:32.473540 skumari-gcp-wd9nd-master-2.c.openshift-gce-devel.internal crio[1564]: time="2020-05-26 09:40:32.473468153Z" level=info msg="Exec'd [/usr/share/openvswitch/scripts/ovs-ctl status] in openshift-ovn-kubernetes/ovs-node-frshc/ovs-daemons" id=09545156-6b6f-47e9-a296-1bf531d30b0e name=/runtime.v1alpha2.RuntimeService/ExecSync
May 26 09:40:32.620553 skumari-gcp-wd9nd-master-1.c.openshift-gce-devel.internal crio[1549]: time="2020-05-26 09:40:32.620454914Z" level=info msg="Stopped container fb1d4fb19a1dd12228784990d7147e11560b6d7771d1e8c7549c39201679f11f: openshift-operator-lifecycle-manager/packageserver-57d45dd6c4-qmg7s/packageserver" id=854194d6-7d69-476a-beb0-834efeb50b9d name=/runtime.v1alpha2.RuntimeService/StopContainer
May 26 09:40:32.621262 skumari-gcp-wd9nd-master-1.c.openshift-gce-devel.internal crio[1549]: time="2020-05-26 09:40:32.621221754Z" level=info msg="Attempting to stop pod sandbox: f63ce33d5dc5449ee07256d57320182ff896ba2890e140c3fff17e8e921556f1" id=f226c28f-63c4-4a91-a021-49da919f5b68 name=/runtime.v1alpha2.RuntimeService/StopPodSandbox
May 26 09:40:32.621622 skumari-gcp-wd9nd-master-1.c.openshift-gce-devel.internal crio[1549]: time="2020-05-26 09:40:32.621535663Z" level=warning msg="Unknown CNI cache file /var/lib/cni/results/ovn-kubernetes-f63ce33d5dc5449ee07256d57320182ff896ba2890e140c3fff17e8e921556f1-eth0 kind \"\""
May 26 09:40:32.625489 skumari-gcp-wd9nd-master-1.c.openshift-gce-devel.internal crio[1549]: time="2020-05-26 09:40:32.625429668Z" level=info msg="Got pod network &{Name:packageserver-57d45dd6c4-qmg7s Namespace:openshift-operator-lifecycle-manager ID:f63ce33d5dc5449ee07256d57320182ff896ba2890e140c3fff17e8e921556f1 NetNS:/var/run/netns/e2d97c3f-0a94-41d0-82b3-dd3081ac9c93 Networks:[{Name:multus-cni-network Ifname:eth0}] RuntimeConfig:map[multus-cni-network:{IP: MAC: PortMappings:[] Bandwidth: IpRanges:[]}]}"
May 26 09:40:32.625695 skumari-gcp-wd9nd-master-1.c.openshift-gce-devel.internal crio[1549]: time="2020-05-26 09:40:32.625662431Z" level=info msg="About to del CNI network multus-cni-network (type=multus)"
May 26 09:40:32.656025 skumari-gcp-wd9nd-master-1.c.openshift-gce-devel.internal crio[1549]: 2020-05-26T09:40:32Z [verbose] Del: openshift-operator-lifecycle-manager:packageserver-57d45dd6c4-qmg7s:79aa2ec9-f408-4a41-bd75-0b2ee364b7d4:ovn-kubernetes:eth0 {"cniVersion":"0.4.0","dns":{},"ipam":{},"logFile":"/var/log/ovn-kubernetes/ovn-k8s-cni-overlay.log","logLevel":"4","name":"ovn-kubernetes","type":"ovn-k8s-cni-overlay"}
May 26 09:40:32.735566 skumari-gcp-wd9nd-master-2.c.openshift-gce-devel.internal crio[1564]: time="2020-05-26 09:40:32.735501101Z" level=info msg="Exec'd [/bin/bash -c set -xe\nexec /usr/bin/ovn-appctl -t /var/run/ovn/ovnnb_db.ctl cluster/status OVN_Northbound 2>/dev/null | grep ${K8S_NODE_IP} | grep -v Address -q\n] in openshift-ovn-kubernetes/ovnkube-master-qmplt/nbdb" id=86339eaf-8b6f-4d54-94a3-a1e3a56dab64 name=/runtime.v1alpha2.RuntimeService/ExecSync
May 26 09:40:32.901493 skumari-gcp-wd9nd-master-1.c.openshift-gce-devel.internal crio[1549]: time="2020-05-26 09:40:32.901434211Z" level=info msg="Stopped pod sandbox: f63ce33d5dc5449ee07256d57320182ff896ba2890e140c3fff17e8e921556f1" id=f226c28f-63c4-4a91-a021-49da919f5b68 name=/runtime.v1alpha2.RuntimeService/StopPodSandbox
May 26 09:40:33.140931 skumari-gcp-wd9nd-master-1.c.openshift-gce-devel.internal crio[1549]: time="2020-05-26 09:40:33.140869040Z" level=info msg="Attempting to stop pod sandbox: f63ce33d5dc5449ee07256d57320182ff896ba2890e140c3fff17e8e921556f1" id=f2b2b47a-2dc4-40fa-b72c-d30e3fd7abda name=/runtime.v1alpha2.RuntimeService/StopPodSandbox
May 26 09:40:33.141572 skumari-gcp-wd9nd-master-1.c.openshift-gce-devel.internal crio[1549]: time="2020-05-26 09:40:33.141527154Z" level=info msg="Attempting to remove container: fb1d4fb19a1dd12228784990d7147e11560b6d7771d1e8c7549c39201679f11f" id=c5a662c3-f7a0-4cd0-9337-f07c6f058ae0 name=/runtime.v1alpha2.RuntimeService/RemoveContainer
May 26 09:40:33.162014 skumari-gcp-wd9nd-master-1.c.openshift-gce-devel.internal crio[1549]: time="2020-05-26 09:40:33.161958504Z" level=info msg="Removed container fb1d4fb19a1dd12228784990d7147e11560b6d7771d1e8c7549c39201679f11f: openshift-operator-lifecycle-manager/packageserver-57d45dd6c4-qmg7s/packageserver" id=c5a662c3-f7a0-4cd0-9337-f07c6f058ae0 name=/runtime.v1alpha2.RuntimeService/RemoveContainer
May 26 09:40:33.163059 skumari-gcp-wd9nd-master-0.c.openshift-gce-devel.internal crio[1569]: time="2020-05-26 09:40:33.162661863Z" level=info msg="Attempting to create container: openshift-kube-controller-manager/kube-controller-manager-skumari-gcp-wd9nd-master-0.c.openshift-gce-devel.internal/cluster-policy-controller" id=4906939a-a235-4eba-9bc6-1c3d560e713a name=/runtime.v1alpha2.RuntimeService/CreateContainer
May 26 09:40:33.320015 skumari-gcp-wd9nd-master-0.c.openshift-gce-devel.internal crio[1569]: time="2020-05-26 09:40:33.319929904Z" level=info msg="Created container f3c658923092c8850fbc2047f72f8bb0b2e66f93ae2f74c5e05bbec31d1a08eb: openshift-kube-controller-manager/kube-controller-manager-skumari-gcp-wd9nd-master-0.c.openshift-gce-devel.internal/cluster-policy-controller" id=4906939a-a235-4eba-9bc6-1c3d560e713a name=/runtime.v1alpha2.RuntimeService/CreateContainer
May 26 09:40:33.333921 skumari-gcp-wd9nd-master-0.c.openshift-gce-devel.internal crio[1569]: time="2020-05-26 09:40:33.333832806Z" level=info msg="Started container f3c658923092c8850fbc2047f72f8bb0b2e66f93ae2f74c5e05bbec31d1a08eb: openshift-kube-controller-manager/kube-controller-manager-skumari-gcp-wd9nd-master-0.c.openshift-gce-devel.internal/cluster-policy-controller" id=9a81d380-7b92-4034-9e01-08780c1735d3 name=/runtime.v1alpha2.RuntimeService/StartContainer
May 26 09:40:33.358328 skumari-gcp-wd9nd-master-0.c.openshift-gce-devel.internal crio[1569]: time="2020-05-26 09:40:33.358274948Z" level=info msg="Attempting to create container: openshift-kube-controller-manager/kube-controller-manager-skumari-gcp-wd9nd-master-0.c.openshift-gce-devel.internal/kube-controller-manager-cert-syncer" id=942b2705-019e-4856-89e9-527db070801f name=/runtime.v1alpha2.RuntimeService/CreateContainer
May 26 09:40:33.512775 skumari-gcp-wd9nd-master-1.c.openshift-gce-devel.internal crio[1549]: 2020-05-26T09:40:33Z [verbose] Add: openshift-operator-lifecycle-manager:packageserver-d4495dff9-prl66:04d76f59-68e2-4f64-82d5-1e816b9791d6:(ovn-kubernetes):eth0 {"cniVersion":"0.4.0","interfaces":[{"name":"1bad42d2b5e1983","mac":"16:d2:36:48:3e:bb"},{"name":"eth0","mac":"3e:b5:a6:81:00:08","sandbox":"/var/run/netns/711369ce-740c-4600-aecc-acaefb2aa586"}],"ips":[{"version":"4","interface":1,"address":"10.129.0.7/23","gateway":"10.129.0.1"}],"dns":{}}
May 26 09:40:33.513124 skumari-gcp-wd9nd-master-1.c.openshift-gce-devel.internal crio[1549]: I0526 09:40:33.513035 9081 event.go:221] Event(v1.ObjectReference{Kind:"Pod", Namespace:"openshift-operator-lifecycle-manager", Name:"packageserver-d4495dff9-prl66", UID:"04d76f59-68e2-4f64-82d5-1e816b9791d6", APIVersion:"v1", ResourceVersion:"5987", FieldPath:""}): type: 'Normal' reason: 'AddedInterface' Add eth0 [10.129.0.7/23]
May 26 09:40:33.523239 skumari-gcp-wd9nd-master-1.c.openshift-gce-devel.internal crio[1549]: time="2020-05-26 09:40:33.523163453Z" level=info msg="Got pod network &{Name:packageserver-d4495dff9-prl66 Namespace:openshift-operator-lifecycle-manager ID:1bad42d2b5e19839a5c2d8a7757646c2807a0342ee0ebcedf4aa11a176001bd8 NetNS:/var/run/netns/711369ce-740c-4600-aecc-acaefb2aa586 Networks:[] RuntimeConfig:map[multus-cni-network:{IP: MAC: PortMappings:[] Bandwidth: IpRanges:[]}]}"
May 26 09:40:33.523482 skumari-gcp-wd9nd-master-1.c.openshift-gce-devel.internal crio[1549]: time="2020-05-26 09:40:33.523453324Z" level=info msg="About to check CNI network multus-cni-network (type=multus)"
May 26 09:40:33.541792 skumari-gcp-wd9nd-master-0.c.openshift-gce-devel.internal crio[1569]: time="2020-05-26 09:40:33.541729366Z" level=info msg="Created container ad042c3fe1dbe3156c8e7ee7a438e8b61aa28e1e8703c1d3ab6d5bb11b900e3a: openshift-kube-controller-manager/kube-controller-manager-skumari-gcp-wd9nd-master-0.c.openshift-gce-devel.internal/kube-controller-manager-cert-syncer" id=942b2705-019e-4856-89e9-527db070801f name=/runtime.v1alpha2.RuntimeService/CreateContainer
May 26 09:40:33.558009 skumari-gcp-wd9nd-master-0.c.openshift-gce-devel.internal crio[1569]: time="2020-05-26 09:40:33.557933673Z" level=info msg="Started container ad042c3fe1dbe3156c8e7ee7a438e8b61aa28e1e8703c1d3ab6d5bb11b900e3a: openshift-kube-controller-manager/kube-controller-manager-skumari-gcp-wd9nd-master-0.c.openshift-gce-devel.internal/kube-controller-manager-cert-syncer" id=981dc6a9-e65e-4927-b73f-bff33b60ba5e name=/runtime.v1alpha2.RuntimeService/StartContainer
May 26 09:40:33.585569 skumari-gcp-wd9nd-master-0.c.openshift-gce-devel.internal crio[1569]: time="2020-05-26 09:40:33.585526853Z" level=info msg="Attempting to create container: openshift-kube-controller-manager/kube-controller-manager-skumari-gcp-wd9nd-master-0.c.openshift-gce-devel.internal/kube-controller-manager-recovery-controller" id=a9a0eb05-7e67-49a5-8818-d7fab796a2f4 name=/runtime.v1alpha2.RuntimeService/CreateContainer
May 26 09:40:33.645586 skumari-gcp-wd9nd-master-1.c.openshift-gce-devel.internal crio[1549]: time="2020-05-26 09:40:33.645516502Z" level=info msg="Ran pod sandbox 1bad42d2b5e19839a5c2d8a7757646c2807a0342ee0ebcedf4aa11a176001bd8 with infra container: openshift-operator-lifecycle-manager/packageserver-d4495dff9-prl66/POD" id=3afb0835-4bcf-495b-ac66-5ee60c4418bd name=/runtime.v1alpha2.RuntimeService/RunPodSandbox
May 26 09:40:33.651558 skumari-gcp-wd9nd-master-1.c.openshift-gce-devel.internal crio[1549]: time="2020-05-26 09:40:33.651503024Z" level=info msg="Attempting to create container: openshift-operator-lifecycle-manager/packageserver-d4495dff9-prl66/packageserver" id=4aff75fa-a588-4324-92de-d3367afbad32 name=/runtime.v1alpha2.RuntimeService/CreateContainer
May 26 09:40:33.756943 skumari-gcp-wd9nd-master-0.c.openshift-gce-devel.internal crio[1569]: time="2020-05-26 09:40:33.756870786Z" level=info msg="Created container fd112c2bea90f306bd9e39240366577a1bcd7e05671aca0a95ea0c7b4a6d17cb: openshift-kube-controller-manager/kube-controller-manager-skumari-gcp-wd9nd-master-0.c.openshift-gce-devel.internal/kube-controller-manager-recovery-controller" id=a9a0eb05-7e67-49a5-8818-d7fab796a2f4 name=/runtime.v1alpha2.RuntimeService/CreateContainer
May 26 09:40:33.776355 skumari-gcp-wd9nd-master-0.c.openshift-gce-devel.internal crio[1569]: time="2020-05-26 09:40:33.776288115Z" level=info msg="Started container fd112c2bea90f306bd9e39240366577a1bcd7e05671aca0a95ea0c7b4a6d17cb: openshift-kube-controller-manager/kube-controller-manager-skumari-gcp-wd9nd-master-0.c.openshift-gce-devel.internal/kube-controller-manager-recovery-controller" id=471a0c72-775f-4df5-9905-b264be4179e2 name=/runtime.v1alpha2.RuntimeService/StartContainer
May 26 09:40:33.815022 skumari-gcp-wd9nd-master-1.c.openshift-gce-devel.internal crio[1549]: time="2020-05-26 09:40:33.814960246Z" level=info msg="Created container 082a559137e8ac5ee6bedf58d8b4e415d4eb4fec8f8ef4d062354344bb3f3977: openshift-operator-lifecycle-manager/packageserver-d4495dff9-prl66/packageserver" id=4aff75fa-a588-4324-92de-d3367afbad32 name=/runtime.v1alpha2.RuntimeService/CreateContainer
May 26 09:40:33.830672 skumari-gcp-wd9nd-master-1.c.openshift-gce-devel.internal crio[1549]: time="2020-05-26 09:40:33.830598404Z" level=info msg="Started container 082a559137e8ac5ee6bedf58d8b4e415d4eb4fec8f8ef4d062354344bb3f3977: openshift-operator-lifecycle-manager/packageserver-d4495dff9-prl66/packageserver" id=4c99f404-a5ac-48a7-bbe3-3d4a74c710e3 name=/runtime.v1alpha2.RuntimeService/StartContainer
May 26 09:40:34.094272 skumari-gcp-wd9nd-master-2.c.openshift-gce-devel.internal crio[1564]: time="2020-05-26 09:40:34.094225177Z" level=info msg="Attempting to create container: openshift-kube-scheduler/revision-pruner-3-skumari-gcp-wd9nd-master-2.c.openshift-gce-devel.internal/pruner" id=125b4d29-6b29-4748-a191-2783583562ac name=/runtime.v1alpha2.RuntimeService/CreateContainer
