May 26 09:47:21.457455 skumari-gcp-wd9nd-master-2.c.openshift-gce-devel.internal crio[1564]: 2020-05-26T09:47:21Z [error] Multus: error unsetting the networks status: SetNetworkStatus: failed to query the pod apiserver-69d994f4b-p7lk7 in out of cluster comm: Get https://[api-int.skumari-gcp.gcp.devcluster.openshift.com]:6443/api/v1/namespaces/openshift-apiserver/pods/apiserver-69d994f4b-p7lk7?timeout=1m0s: dial tcp 10.0.0.2:6443: i/o timeout
May 26 09:47:21.619861 skumari-gcp-wd9nd-master-2.c.openshift-gce-devel.internal crio[1564]: time="2020-05-26 09:47:21.619786537Z" level=info msg="Exec'd [/usr/share/openvswitch/scripts/ovs-ctl status] in openshift-ovn-kubernetes/ovs-node-frshc/ovs-daemons" id=081ba6c1-c54c-490f-b25e-ab294c1c6230 name=/runtime.v1alpha2.RuntimeService/ExecSync
May 26 09:47:21.623150 skumari-gcp-wd9nd-master-1.c.openshift-gce-devel.internal crio[1549]: time="2020-05-26 09:47:21.623090083Z" level=info msg="Exec'd [/usr/share/openvswitch/scripts/ovs-ctl status] in openshift-ovn-kubernetes/ovs-node-ncbjf/ovs-daemons" id=7c7ca009-f464-4361-9092-097bac88fc04 name=/runtime.v1alpha2.RuntimeService/ExecSync
May 26 09:47:21.916372 skumari-gcp-wd9nd-master-0.c.openshift-gce-devel.internal crio[1569]: time="2020-05-26 09:47:21.916211620Z" level=info msg="Exec'd [/bin/sh -ec lsof -n -i :2380 | grep LISTEN] in openshift-etcd/etcd-skumari-gcp-wd9nd-master-0.c.openshift-gce-devel.internal/etcd" id=e6cde226-a78d-4e93-adb6-b2b525247f65 name=/runtime.v1alpha2.RuntimeService/ExecSync
May 26 09:47:22.357001 skumari-gcp-wd9nd-master-2.c.openshift-gce-devel.internal crio[1564]: 2020-05-26T09:47:22Z [verbose] Add: openshift-config-operator:openshift-config-operator-7c9c5c5f8-r8m5l:unknownUID:(ovn-kubernetes):eth0 {"cniVersion":"0.4.0","interfaces":[{"name":"7557b9f4ce476ee","mac":"6a:eb:89:8d:79:28"},{"name":"eth0","mac":"3e:b5:a6:82:00:22","sandbox":"/var/run/netns/294887f1-8ddb-451d-b96a-24a27915e706"}],"ips":[{"version":"4","interface":1,"address":"10.130.0.33/23","gateway":"10.130.0.1"}],"dns":{}}
May 26 09:47:22.357001 skumari-gcp-wd9nd-master-2.c.openshift-gce-devel.internal crio[1564]: 2020-05-26T09:47:22Z [error] delegateAdd: pod nil pointer: namespace: openshift-config-operator, name: openshift-config-operator-7c9c5c5f8-r8m5l, container id: 7557b9f4ce476ee1087192d286ee54ce24ff1bfe660e16a94d8e3f857e75284b, pod: nil
May 26 09:47:22.358872 skumari-gcp-wd9nd-master-2.c.openshift-gce-devel.internal crio[1564]: time="2020-05-26 09:47:22.358824200Z" level=info msg="Got pod network &{Name:openshift-config-operator-7c9c5c5f8-r8m5l Namespace:openshift-config-operator ID:7557b9f4ce476ee1087192d286ee54ce24ff1bfe660e16a94d8e3f857e75284b NetNS:/var/run/netns/294887f1-8ddb-451d-b96a-24a27915e706 Networks:[] RuntimeConfig:map[multus-cni-network:{IP: MAC: PortMappings:[] Bandwidth: IpRanges:[]}]}"
May 26 09:47:22.359043 skumari-gcp-wd9nd-master-2.c.openshift-gce-devel.internal crio[1564]: time="2020-05-26 09:47:22.359027691Z" level=info msg="About to check CNI network multus-cni-network (type=multus)"
May 26 09:47:22.492299 skumari-gcp-wd9nd-master-2.c.openshift-gce-devel.internal crio[1564]: time="2020-05-26 09:47:22.492238613Z" level=info msg="Exec'd [/usr/share/openvswitch/scripts/ovs-ctl status] in openshift-ovn-kubernetes/ovs-node-frshc/ovs-daemons" id=92da2cb8-f54c-4c47-92d3-42808993cd23 name=/runtime.v1alpha2.RuntimeService/ExecSync
May 26 09:47:22.521647 skumari-gcp-wd9nd-master-2.c.openshift-gce-devel.internal crio[1564]: time="2020-05-26 09:47:22.521596096Z" level=info msg="Ran pod sandbox 7557b9f4ce476ee1087192d286ee54ce24ff1bfe660e16a94d8e3f857e75284b with infra container: openshift-config-operator/openshift-config-operator-7c9c5c5f8-r8m5l/POD" id=b8725bac-dc08-448a-b09c-8209845ed96a name=/runtime.v1alpha2.RuntimeService/RunPodSandbox
May 26 09:47:22.722415 skumari-gcp-wd9nd-master-2.c.openshift-gce-devel.internal crio[1564]: time="2020-05-26 09:47:22.722354976Z" level=info msg="Exec'd [/bin/bash -c set -xe\nexec /usr/bin/ovn-appctl -t /var/run/ovn/ovnnb_db.ctl cluster/status OVN_Northbound 2>/dev/null | grep ${K8S_NODE_IP} | grep -v Address -q\n] in openshift-ovn-kubernetes/ovnkube-master-qmplt/nbdb" id=a4de5316-68ec-4f37-a591-12b99e51f3ec name=/runtime.v1alpha2.RuntimeService/ExecSync
May 26 09:47:23.956636 skumari-gcp-wd9nd-master-0.c.openshift-gce-devel.internal crio[1569]: time="2020-05-26 09:47:23.956582135Z" level=info msg="Attempting to run pod sandbox with infra container: openshift-kube-apiserver/revision-pruner-3-skumari-gcp-wd9nd-master-0.c.openshift-gce-devel.internal/POD" id=5c15674c-0065-45dd-b4e6-df83f6526f65 name=/runtime.v1alpha2.RuntimeService/RunPodSandbox
May 26 09:47:23.989215 skumari-gcp-wd9nd-master-0.c.openshift-gce-devel.internal crio[1569]: time="2020-05-26 09:47:23.988832864Z" level=info msg="Got pod network &{Name:revision-pruner-3-skumari-gcp-wd9nd-master-0.c.openshift-gce-devel.internal Namespace:openshift-kube-apiserver ID:fd2b9d3c5ded516f935d4ec2200874c178649eba9982901191a09719e277f130 NetNS:/var/run/netns/e1e49927-4689-48c8-b61c-6b323b28ef45 Networks:[] RuntimeConfig:map[multus-cni-network:{IP: MAC: PortMappings:[] Bandwidth: IpRanges:[]}]}"
May 26 09:47:23.989215 skumari-gcp-wd9nd-master-0.c.openshift-gce-devel.internal crio[1569]: time="2020-05-26 09:47:23.988891544Z" level=info msg="About to add CNI network multus-cni-network (type=multus)"
May 26 09:47:24.118137 skumari-gcp-wd9nd-master-0.c.openshift-gce-devel.internal crio[1569]: time="2020-05-26 09:47:24.116474781Z" level=info msg="Attempting to run pod sandbox with infra container: openshift-controller-manager/controller-manager-vnkdg/POD" id=856a374d-4fe3-472f-973e-81c03451a7de name=/runtime.v1alpha2.RuntimeService/RunPodSandbox
May 26 09:47:24.211467 skumari-gcp-wd9nd-master-0.c.openshift-gce-devel.internal crio[1569]: time="2020-05-26 09:47:24.211389741Z" level=info msg="Got pod network &{Name:controller-manager-vnkdg Namespace:openshift-controller-manager ID:821336c153a9bbc3525707b9a296a5c4afb48442d39cce4ebf87929c0cb1b660 NetNS:/var/run/netns/e5a71d47-ba9d-4629-b514-021e88797fdd Networks:[] RuntimeConfig:map[multus-cni-network:{IP: MAC: PortMappings:[] Bandwidth: IpRanges:[]}]}"
May 26 09:47:24.211467 skumari-gcp-wd9nd-master-0.c.openshift-gce-devel.internal crio[1569]: time="2020-05-26 09:47:24.211445788Z" level=info msg="About to add CNI network multus-cni-network (type=multus)"
May 26 09:47:24.449580 skumari-gcp-wd9nd-master-2.c.openshift-gce-devel.internal crio[1564]: time="2020-05-26 09:47:24.449450615Z" level=info msg="Exec'd [/bin/bash -c set -xe\nexec /usr/bin/ovn-appctl -t /var/run/ovn/ovnsb_db.ctl cluster/status OVN_Southbound 2>/dev/null | grep ${K8S_NODE_IP} | grep -v Address -q\n] in openshift-ovn-kubernetes/ovnkube-master-qmplt/sbdb" id=dcbea81c-71de-4c7e-ac4f-1823bb01ba0e name=/runtime.v1alpha2.RuntimeService/ExecSync
May 26 09:47:24.465982 skumari-gcp-wd9nd-master-1.c.openshift-gce-devel.internal crio[1549]: time="2020-05-26 09:47:24.465910997Z" level=info msg="Exec'd [test -f /etc/cni/net.d/10-ovn-kubernetes.conf] in openshift-ovn-kubernetes/ovnkube-node-lgs85/ovnkube-node" id=4cebb46a-8abe-4c6b-b28f-42556dabcb7c name=/runtime.v1alpha2.RuntimeService/ExecSync
May 26 09:47:24.513927 skumari-gcp-wd9nd-master-2.c.openshift-gce-devel.internal crio[1564]: time="2020-05-26 09:47:24.513863972Z" level=info msg="Attempting to create container: openshift-config-operator/openshift-config-operator-7c9c5c5f8-r8m5l/openshift-config-operator" id=bbad57a2-0bcc-410c-be2a-db518ab6b2e0 name=/runtime.v1alpha2.RuntimeService/CreateContainer
May 26 09:47:24.712224 skumari-gcp-wd9nd-master-1.c.openshift-gce-devel.internal crio[1549]: time="2020-05-26 09:47:24.711981016Z" level=info msg="Exec'd [/bin/bash -c set -xe\nexec /usr/bin/ovn-appctl -t /var/run/ovn/ovnsb_db.ctl cluster/status OVN_Southbound 2>/dev/null | grep ${K8S_NODE_IP} | grep -v Address -q\n] in openshift-ovn-kubernetes/ovnkube-master-ssrct/sbdb" id=7eb86ee1-074c-4ff3-becc-a6fdbc7c8904 name=/runtime.v1alpha2.RuntimeService/ExecSync
May 26 09:47:24.720423 skumari-gcp-wd9nd-master-2.c.openshift-gce-devel.internal crio[1564]: time="2020-05-26 09:47:24.720270314Z" level=info msg="Created container 6dd767f92dd9d44433c5c17aca86bdaf82764013789404a8fd4d4f4f5ee0fbe9: openshift-config-operator/openshift-config-operator-7c9c5c5f8-r8m5l/openshift-config-operator" id=bbad57a2-0bcc-410c-be2a-db518ab6b2e0 name=/runtime.v1alpha2.RuntimeService/CreateContainer
May 26 09:47:24.742235 skumari-gcp-wd9nd-master-0.c.openshift-gce-devel.internal crio[1569]: time="2020-05-26 09:47:24.742180438Z" level=info msg="Exec'd [test -f /etc/cni/net.d/10-ovn-kubernetes.conf] in openshift-ovn-kubernetes/ovnkube-node-ttlvd/ovnkube-node" id=eb5a2650-1354-4670-85f2-23ecf77de7f8 name=/runtime.v1alpha2.RuntimeService/ExecSync
May 26 09:47:24.747548 skumari-gcp-wd9nd-master-2.c.openshift-gce-devel.internal crio[1564]: time="2020-05-26 09:47:24.747463653Z" level=info msg="Started container 6dd767f92dd9d44433c5c17aca86bdaf82764013789404a8fd4d4f4f5ee0fbe9: openshift-config-operator/openshift-config-operator-7c9c5c5f8-r8m5l/openshift-config-operator" id=0004a162-08c6-4d2f-a545-c69aa4335d3b name=/runtime.v1alpha2.RuntimeService/StartContainer
May 26 09:47:24.835291 skumari-gcp-wd9nd-master-2.c.openshift-gce-devel.internal crio[1564]: time="2020-05-26 09:47:24.835241401Z" level=info msg="Exec'd [test -f /etc/cni/net.d/10-ovn-kubernetes.conf] in openshift-ovn-kubernetes/ovnkube-node-bt8cv/ovnkube-node" id=ce958e95-0774-4ece-bc59-05d38c18d342 name=/runtime.v1alpha2.RuntimeService/ExecSync
May 26 09:47:25.060569 skumari-gcp-wd9nd-master-0.c.openshift-gce-devel.internal crio[1569]: time="2020-05-26 09:47:25.060491490Z" level=info msg="Exec'd [/usr/share/openvswitch/scripts/ovs-ctl status] in openshift-ovn-kubernetes/ovs-node-cmd9v/ovs-daemons" id=5e1898c4-fefe-4940-9d59-8b9f1ee222e5 name=/runtime.v1alpha2.RuntimeService/ExecSync
May 26 09:47:25.345713 skumari-gcp-wd9nd-master-0.c.openshift-gce-devel.internal crio[1569]: 2020-05-26T09:47:25Z [verbose] Add: openshift-kube-apiserver:revision-pruner-3-skumari-gcp-wd9nd-master-0.c.openshift-gce-devel.internal:10d5ee0c-6522-49f6-9ee2-c7f9a7bca22e:(ovn-kubernetes):eth0 {"cniVersion":"0.4.0","interfaces":[{"name":"fd2b9d3c5ded516","mac":"76:16:fa:72:aa:a2"},{"name":"eth0","mac":"3e:b5:a6:80:00:20","sandbox":"/var/run/netns/e1e49927-4689-48c8-b61c-6b323b28ef45"}],"ips":[{"version":"4","interface":1,"address":"10.128.0.31/23","gateway":"10.128.0.1"}],"dns":{}}
May 26 09:47:25.346321 skumari-gcp-wd9nd-master-0.c.openshift-gce-devel.internal crio[1569]: I0526 09:47:25.346246 32144 event.go:221] Event(v1.ObjectReference{Kind:"Pod", Namespace:"openshift-kube-apiserver", Name:"revision-pruner-3-skumari-gcp-wd9nd-master-0.c.openshift-gce-devel.internal", UID:"10d5ee0c-6522-49f6-9ee2-c7f9a7bca22e", APIVersion:"v1", ResourceVersion:"14342", FieldPath:""}): type: 'Normal' reason: 'AddedInterface' Add eth0 [10.128.0.31/23]
May 26 09:47:25.363473 skumari-gcp-wd9nd-master-0.c.openshift-gce-devel.internal crio[1569]: time="2020-05-26 09:47:25.363411038Z" level=info msg="Got pod network &{Name:revision-pruner-3-skumari-gcp-wd9nd-master-0.c.openshift-gce-devel.internal Namespace:openshift-kube-apiserver ID:fd2b9d3c5ded516f935d4ec2200874c178649eba9982901191a09719e277f130 NetNS:/var/run/netns/e1e49927-4689-48c8-b61c-6b323b28ef45 Networks:[] RuntimeConfig:map[multus-cni-network:{IP: MAC: PortMappings:[] Bandwidth: IpRanges:[]}]}"
May 26 09:47:25.363713 skumari-gcp-wd9nd-master-0.c.openshift-gce-devel.internal crio[1569]: time="2020-05-26 09:47:25.363664032Z" level=info msg="About to check CNI network multus-cni-network (type=multus)"
May 26 09:47:25.604174 skumari-gcp-wd9nd-master-2.c.openshift-gce-devel.internal crio[1564]: time="2020-05-26 09:47:25.604008314Z" level=info msg="Exec'd [/bin/sh -ec lsof -n -i :2380 | grep LISTEN] in openshift-etcd/etcd-skumari-gcp-wd9nd-master-2.c.openshift-gce-devel.internal/etcd" id=393063de-c601-4824-88e9-a36d5eac1739 name=/runtime.v1alpha2.RuntimeService/ExecSync
May 26 09:47:25.805470 skumari-gcp-wd9nd-master-1.c.openshift-gce-devel.internal crio[1549]: time="2020-05-26 09:47:25.805274231Z" level=info msg="Exec'd [/usr/share/openvswitch/scripts/ovs-ctl status] in openshift-ovn-kubernetes/ovs-node-ncbjf/ovs-daemons" id=a028263b-0fa4-419c-888a-79bcaff14ec4 name=/runtime.v1alpha2.RuntimeService/ExecSync
May 26 09:47:26.000899 skumari-gcp-wd9nd-master-0.c.openshift-gce-devel.internal crio[1569]: time="2020-05-26 09:47:26.000830270Z" level=info msg="Exec'd [/usr/share/openvswitch/scripts/ovs-ctl status] in openshift-ovn-kubernetes/ovs-node-cmd9v/ovs-daemons" id=81f14ef7-201b-4f97-9f19-af85693622bc name=/runtime.v1alpha2.RuntimeService/ExecSync
May 26 09:47:26.031476 skumari-gcp-wd9nd-master-1.c.openshift-gce-devel.internal crio[1549]: time="2020-05-26 09:47:26.031384416Z" level=info msg="Exec'd [/bin/sh -ec lsof -n -i :2380 | grep LISTEN] in openshift-etcd/etcd-skumari-gcp-wd9nd-master-1.c.openshift-gce-devel.internal/etcd" id=59bcc571-f805-49f9-9df9-d1487f88fad1 name=/runtime.v1alpha2.RuntimeService/ExecSync
May 26 09:47:26.223688 skumari-gcp-wd9nd-master-0.c.openshift-gce-devel.internal crio[1569]: 2020-05-26T09:47:26Z [verbose] Add: openshift-controller-manager:controller-manager-vnkdg:222c3fec-9384-4bfa-8709-f7ef46321234:(ovn-kubernetes):eth0 {"cniVersion":"0.4.0","interfaces":[{"name":"821336c153a9bbc","mac":"6a:56:fa:d1:d3:25"},{"name":"eth0","mac":"3e:b5:a6:80:00:24","sandbox":"/var/run/netns/e5a71d47-ba9d-4629-b514-021e88797fdd"}],"ips":[{"version":"4","interface":1,"address":"10.128.0.35/23","gateway":"10.128.0.1"}],"dns":{}}
May 26 09:47:26.224169 skumari-gcp-wd9nd-master-0.c.openshift-gce-devel.internal crio[1569]: I0526 09:47:26.223939 32184 event.go:221] Event(v1.ObjectReference{Kind:"Pod", Namespace:"openshift-controller-manager", Name:"controller-manager-vnkdg", UID:"222c3fec-9384-4bfa-8709-f7ef46321234", APIVersion:"v1", ResourceVersion:"14362", FieldPath:""}): type: 'Normal' reason: 'AddedInterface' Add eth0 [10.128.0.35/23]
May 26 09:47:26.240328 skumari-gcp-wd9nd-master-0.c.openshift-gce-devel.internal crio[1569]: time="2020-05-26 09:47:26.239148870Z" level=info msg="Got pod network &{Name:controller-manager-vnkdg Namespace:openshift-controller-manager ID:821336c153a9bbc3525707b9a296a5c4afb48442d39cce4ebf87929c0cb1b660 NetNS:/var/run/netns/e5a71d47-ba9d-4629-b514-021e88797fdd Networks:[] RuntimeConfig:map[multus-cni-network:{IP: MAC: PortMappings:[] Bandwidth: IpRanges:[]}]}"
May 26 09:47:26.240328 skumari-gcp-wd9nd-master-0.c.openshift-gce-devel.internal crio[1569]: time="2020-05-26 09:47:26.239411645Z" level=info msg="About to check CNI network multus-cni-network (type=multus)"
May 26 09:47:26.401316 skumari-gcp-wd9nd-master-0.c.openshift-gce-devel.internal crio[1569]: time="2020-05-26 09:47:26.401251060Z" level=info msg="Ran pod sandbox 821336c153a9bbc3525707b9a296a5c4afb48442d39cce4ebf87929c0cb1b660 with infra container: openshift-controller-manager/controller-manager-vnkdg/POD" id=856a374d-4fe3-472f-973e-81c03451a7de name=/runtime.v1alpha2.RuntimeService/RunPodSandbox
May 26 09:47:26.410337 skumari-gcp-wd9nd-master-0.c.openshift-gce-devel.internal crio[1569]: time="2020-05-26 09:47:26.410259188Z" level=info msg="Attempting to create container: openshift-controller-manager/controller-manager-vnkdg/controller-manager" id=8760d1a9-d2b3-4cc8-9965-42a1fc430752 name=/runtime.v1alpha2.RuntimeService/CreateContainer
May 26 09:47:26.613228 skumari-gcp-wd9nd-master-1.c.openshift-gce-devel.internal crio[1549]: time="2020-05-26 09:47:26.613153714Z" level=info msg="Exec'd [/usr/share/openvswitch/scripts/ovs-ctl status] in openshift-ovn-kubernetes/ovs-node-ncbjf/ovs-daemons" id=7ed69ef5-64d0-4328-af0d-49a32be90a20 name=/runtime.v1alpha2.RuntimeService/ExecSync
May 26 09:47:26.615730 skumari-gcp-wd9nd-master-2.c.openshift-gce-devel.internal crio[1564]: time="2020-05-26 09:47:26.614387713Z" level=info msg="Exec'd [/usr/share/openvswitch/scripts/ovs-ctl status] in openshift-ovn-kubernetes/ovs-node-frshc/ovs-daemons" id=046d3020-d52b-4fb1-8f42-0b70a1fc38e7 name=/runtime.v1alpha2.RuntimeService/ExecSync
May 26 09:47:26.662882 skumari-gcp-wd9nd-master-0.c.openshift-gce-devel.internal crio[1569]: time="2020-05-26 09:47:26.662792626Z" level=info msg="Created container ff2b2d1c79aee194ca6843bd5ccc80c67782b26164cf19514579234d049bff25: openshift-controller-manager/controller-manager-vnkdg/controller-manager" id=8760d1a9-d2b3-4cc8-9965-42a1fc430752 name=/runtime.v1alpha2.RuntimeService/CreateContainer
May 26 09:47:26.698967 skumari-gcp-wd9nd-master-0.c.openshift-gce-devel.internal crio[1569]: time="2020-05-26 09:47:26.698905694Z" level=info msg="Started container ff2b2d1c79aee194ca6843bd5ccc80c67782b26164cf19514579234d049bff25: openshift-controller-manager/controller-manager-vnkdg/controller-manager" id=84c94989-9f82-4c68-a6ca-948c9ba65926 name=/runtime.v1alpha2.RuntimeService/StartContainer
May 26 09:47:27.025013 skumari-gcp-wd9nd-master-0.c.openshift-gce-devel.internal crio[1569]: time="2020-05-26 09:47:27.024939017Z" level=info msg="Exec'd [/bin/sh -ec lsof -n -i :2380 | grep LISTEN] in openshift-etcd/etcd-skumari-gcp-wd9nd-master-0.c.openshift-gce-devel.internal/etcd" id=f1ec0e2e-be59-4a8f-93e1-a08dfbb2d21a name=/runtime.v1alpha2.RuntimeService/ExecSync
May 26 09:47:27.214446 skumari-gcp-wd9nd-master-1.c.openshift-gce-devel.internal crio[1549]: time="2020-05-26 09:47:27.214323173Z" level=info msg="Exec'd [/bin/bash -c set -xe\nexec /usr/bin/ovn-appctl -t /var/run/ovn/ovnnb_db.ctl cluster/status OVN_Northbound 2>/dev/null | grep ${K8S_NODE_IP} | grep -v Address -q\n] in openshift-ovn-kubernetes/ovnkube-master-ssrct/nbdb" id=261edca1-6d40-4a0f-ba3b-64cf8960fbaa name=/runtime.v1alpha2.RuntimeService/ExecSync
May 26 09:47:27.469405 skumari-gcp-wd9nd-master-2.c.openshift-gce-devel.internal crio[1564]: time="2020-05-26 09:47:27.469339346Z" level=info msg="Exec'd [/usr/share/openvswitch/scripts/ovs-ctl status] in openshift-ovn-kubernetes/ovs-node-frshc/ovs-daemons" id=2c47aa37-e618-4d61-a575-464e5795d503 name=/runtime.v1alpha2.RuntimeService/ExecSync
May 26 09:47:27.704637 skumari-gcp-wd9nd-master-0.c.openshift-gce-devel.internal crio[1569]: time="2020-05-26 09:47:27.704571726Z" level=info msg="Ran pod sandbox fd2b9d3c5ded516f935d4ec2200874c178649eba9982901191a09719e277f130 with infra container: openshift-kube-apiserver/revision-pruner-3-skumari-gcp-wd9nd-master-0.c.openshift-gce-devel.internal/POD" id=5c15674c-0065-45dd-b4e6-df83f6526f65 name=/runtime.v1alpha2.RuntimeService/RunPodSandbox
May 26 09:47:27.711721 skumari-gcp-wd9nd-master-0.c.openshift-gce-devel.internal crio[1569]: time="2020-05-26 09:47:27.711675906Z" level=info msg="Attempting to create container: openshift-kube-apiserver/revision-pruner-3-skumari-gcp-wd9nd-master-0.c.openshift-gce-devel.internal/pruner" id=411c6867-ad81-4b41-b7ef-ce8fa3e231c5 name=/runtime.v1alpha2.RuntimeService/CreateContainer
May 26 09:47:28.278070 skumari-gcp-wd9nd-master-1.c.openshift-gce-devel.internal crio[1549]: time="2020-05-26 09:47:28.278003406Z" level=error msg="Error deleting network: netplugin failed with no error message"
May 26 09:47:28.278070 skumari-gcp-wd9nd-master-1.c.openshift-gce-devel.internal crio[1549]: time="2020-05-26 09:47:28.278050150Z" level=error msg="Error while removing pod from CNI network \"multus-cni-network\": netplugin failed with no error message"
May 26 09:47:28.278675 skumari-gcp-wd9nd-master-1.c.openshift-gce-devel.internal crio[1549]: time="2020-05-26 09:47:28.278516260Z" level=warning msg="Unknown CNI cache file /var/lib/cni/results/ovn-kubernetes-ce8ae589727e76607b44f8c2fa71a2503a51f7be12d8e987d0e6bd7f06fda113-eth0 kind \"\""
May 26 09:47:28.279107 skumari-gcp-wd9nd-master-1.c.openshift-gce-devel.internal crio[1549]: time="2020-05-26 09:47:28.279039379Z" level=info msg="Got pod network &{Name:revision-pruner-6-skumari-gcp-wd9nd-master-1.c.openshift-gce-devel.internal Namespace:openshift-kube-scheduler ID:ce8ae589727e76607b44f8c2fa71a2503a51f7be12d8e987d0e6bd7f06fda113 NetNS:/var/run/netns/47af82f7-b4e1-4f18-b603-2d7ef60c32c1 Networks:[{Name:multus-cni-network Ifname:eth0}] RuntimeConfig:map[multus-cni-network:{IP: MAC: PortMappings:[] Bandwidth: IpRanges:[]}]}"
May 26 09:47:28.279533 skumari-gcp-wd9nd-master-1.c.openshift-gce-devel.internal crio[1549]: time="2020-05-26 09:47:28.279358991Z" level=info msg="About to del CNI network multus-cni-network (type=multus)"
May 26 09:47:28.492577 skumari-gcp-wd9nd-master-0.c.openshift-gce-devel.internal crio[1569]: time="2020-05-26 09:47:28.492507276Z" level=info msg="Created container ecbc96f8a5fddc351347778a3e4ab8df01e4f2682ea99d0111e2d59b7799d71b: openshift-kube-apiserver/revision-pruner-3-skumari-gcp-wd9nd-master-0.c.openshift-gce-devel.internal/pruner" id=411c6867-ad81-4b41-b7ef-ce8fa3e231c5 name=/runtime.v1alpha2.RuntimeService/CreateContainer
May 26 09:47:28.509970 skumari-gcp-wd9nd-master-0.c.openshift-gce-devel.internal crio[1569]: time="2020-05-26 09:47:28.509897120Z" level=info msg="Started container ecbc96f8a5fddc351347778a3e4ab8df01e4f2682ea99d0111e2d59b7799d71b: openshift-kube-apiserver/revision-pruner-3-skumari-gcp-wd9nd-master-0.c.openshift-gce-devel.internal/pruner" id=8b3010a0-8325-4010-9a65-118ae53314fb name=/runtime.v1alpha2.RuntimeService/StartContainer
May 26 09:47:29.484890 skumari-gcp-wd9nd-master-1.c.openshift-gce-devel.internal crio[1549]: time="2020-05-26 09:47:29.484799305Z" level=info msg="Exec'd [test -f /etc/cni/net.d/10-ovn-kubernetes.conf] in openshift-ovn-kubernetes/ovnkube-node-lgs85/ovnkube-node" id=b72462f5-36b1-41cf-b835-84c9456357a0 name=/runtime.v1alpha2.RuntimeService/ExecSync
May 26 09:47:29.502594 skumari-gcp-wd9nd-master-0.c.openshift-gce-devel.internal crio[1569]: time="2020-05-26 09:47:29.501668184Z" level=info msg="Attempting to stop pod sandbox: fd2b9d3c5ded516f935d4ec2200874c178649eba9982901191a09719e277f130" id=cf4c7ef5-dc88-4db3-bdc2-40ad48e948b4 name=/runtime.v1alpha2.RuntimeService/StopPodSandbox
May 26 09:47:29.502594 skumari-gcp-wd9nd-master-0.c.openshift-gce-devel.internal crio[1569]: time="2020-05-26 09:47:29.502224417Z" level=warning msg="Unknown CNI cache file /var/lib/cni/results/ovn-kubernetes-fd2b9d3c5ded516f935d4ec2200874c178649eba9982901191a09719e277f130-eth0 kind \"\""
May 26 09:47:29.504917 skumari-gcp-wd9nd-master-0.c.openshift-gce-devel.internal crio[1569]: time="2020-05-26 09:47:29.504395182Z" level=info msg="Got pod network &{Name:revision-pruner-3-skumari-gcp-wd9nd-master-0.c.openshift-gce-devel.internal Namespace:openshift-kube-apiserver ID:fd2b9d3c5ded516f935d4ec2200874c178649eba9982901191a09719e277f130 NetNS:/var/run/netns/e1e49927-4689-48c8-b61c-6b323b28ef45 Networks:[{Name:multus-cni-network Ifname:eth0}] RuntimeConfig:map[multus-cni-network:{IP: MAC: PortMappings:[] Bandwidth: IpRanges:[]}]}"
May 26 09:47:29.504917 skumari-gcp-wd9nd-master-0.c.openshift-gce-devel.internal crio[1569]: time="2020-05-26 09:47:29.504675339Z" level=info msg="About to del CNI network multus-cni-network (type=multus)"
May 26 09:47:29.546396 skumari-gcp-wd9nd-master-0.c.openshift-gce-devel.internal crio[1569]: 2020-05-26T09:47:29Z [verbose] Del: openshift-kube-apiserver:revision-pruner-3-skumari-gcp-wd9nd-master-0.c.openshift-gce-devel.internal:10d5ee0c-6522-49f6-9ee2-c7f9a7bca22e:ovn-kubernetes:eth0 {"cniVersion":"0.4.0","dns":{},"ipam":{},"logFile":"/var/log/ovn-kubernetes/ovn-k8s-cni-overlay.log","logLevel":"4","name":"ovn-kubernetes","type":"ovn-k8s-cni-overlay"}
May 26 09:47:29.771353 skumari-gcp-wd9nd-master-0.c.openshift-gce-devel.internal crio[1569]: time="2020-05-26 09:47:29.771206953Z" level=info msg="Exec'd [test -f /etc/cni/net.d/10-ovn-kubernetes.conf] in openshift-ovn-kubernetes/ovnkube-node-ttlvd/ovnkube-node" id=91388bff-8572-4cd3-beae-1bd90d7e89da name=/runtime.v1alpha2.RuntimeService/ExecSync
May 26 09:47:29.793559 skumari-gcp-wd9nd-master-2.c.openshift-gce-devel.internal crio[1564]: time="2020-05-26 09:47:29.793466882Z" level=info msg="Exec'd [test -f /etc/cni/net.d/10-ovn-kubernetes.conf] in openshift-ovn-kubernetes/ovnkube-node-bt8cv/ovnkube-node" id=79019d99-7bc6-4207-b9ef-f3f0f75bb9be name=/runtime.v1alpha2.RuntimeService/ExecSync
May 26 09:47:29.820619 skumari-gcp-wd9nd-master-0.c.openshift-gce-devel.internal crio[1569]: time="2020-05-26 09:47:29.820574300Z" level=info msg="Stopped pod sandbox: fd2b9d3c5ded516f935d4ec2200874c178649eba9982901191a09719e277f130" id=cf4c7ef5-dc88-4db3-bdc2-40ad48e948b4 name=/runtime.v1alpha2.RuntimeService/StopPodSandbox
May 26 09:47:29.923698 skumari-gcp-wd9nd-master-0.c.openshift-gce-devel.internal crio[1569]: time="2020-05-26 09:47:29.923622855Z" level=info msg="Exec'd [/bin/bash -c set -xe\nexec /usr/bin/ovn-appctl -t /var/run/ovn/ovnnb_db.ctl cluster/status OVN_Northbound 2>/dev/null | grep ${K8S_NODE_IP} | grep -v Address -q\n] in openshift-ovn-kubernetes/ovnkube-master-w5bfh/nbdb" id=58113279-059a-483f-8f20-d4ce04af7767 name=/runtime.v1alpha2.RuntimeService/ExecSync
May 26 09:47:30.048485 skumari-gcp-wd9nd-master-0.c.openshift-gce-devel.internal crio[1569]: time="2020-05-26 09:47:30.048336241Z" level=info msg="Exec'd [/usr/share/openvswitch/scripts/ovs-ctl status] in openshift-ovn-kubernetes/ovs-node-cmd9v/ovs-daemons" id=ae15c031-e863-4dfa-bdfc-3fad91596f48 name=/runtime.v1alpha2.RuntimeService/ExecSync
May 26 09:47:30.483591 skumari-gcp-wd9nd-master-0.c.openshift-gce-devel.internal crio[1569]: time="2020-05-26 09:47:30.483541461Z" level=info msg="Exec'd [/bin/bash -c set -xe\nexec /usr/bin/ovn-appctl -t /var/run/ovn/ovnsb_db.ctl cluster/status OVN_Southbound 2>/dev/null | grep ${K8S_NODE_IP} | grep -v Address -q\n] in openshift-ovn-kubernetes/ovnkube-master-w5bfh/sbdb" id=9a16b411-205a-432e-b239-e4e3aa344c8e name=/runtime.v1alpha2.RuntimeService/ExecSync
May 26 09:47:30.506529 skumari-gcp-wd9nd-master-0.c.openshift-gce-devel.internal crio[1569]: time="2020-05-26 09:47:30.506482655Z" level=info msg="Attempting to stop pod sandbox: fd2b9d3c5ded516f935d4ec2200874c178649eba9982901191a09719e277f130" id=d0355e4e-0d06-465c-94c9-cad4fad6055d name=/runtime.v1alpha2.RuntimeService/StopPodSandbox
May 26 09:47:30.529720 skumari-gcp-wd9nd-master-2.c.openshift-gce-devel.internal crio[1564]: time="2020-05-26 09:47:30.529646882Z" level=info msg="Exec'd [/bin/sh -ec lsof -n -i :2380 | grep LISTEN] in openshift-etcd/etcd-skumari-gcp-wd9nd-master-2.c.openshift-gce-devel.internal/etcd" id=3d4799da-61b4-4548-959d-6b13e76ab8cc name=/runtime.v1alpha2.RuntimeService/ExecSync
May 26 09:47:30.764842 skumari-gcp-wd9nd-master-1.c.openshift-gce-devel.internal crio[1549]: time="2020-05-26 09:47:30.764757389Z" level=info msg="Exec'd [/usr/share/openvswitch/scripts/ovs-ctl status] in openshift-ovn-kubernetes/ovs-node-ncbjf/ovs-daemons" id=dfddcf9b-9151-44a3-9b6e-3ab9ca67462d name=/runtime.v1alpha2.RuntimeService/ExecSync
May 26 09:47:31.004008 skumari-gcp-wd9nd-master-1.c.openshift-gce-devel.internal crio[1549]: time="2020-05-26 09:47:31.003941816Z" level=info msg="Exec'd [/bin/sh -ec lsof -n -i :2380 | grep LISTEN] in openshift-etcd/etcd-skumari-gcp-wd9nd-master-1.c.openshift-gce-devel.internal/etcd" id=e4bcbeba-ac46-4ec8-9536-f58dd34ad60d name=/runtime.v1alpha2.RuntimeService/ExecSync
May 26 09:47:31.006954 skumari-gcp-wd9nd-master-0.c.openshift-gce-devel.internal crio[1569]: time="2020-05-26 09:47:31.006871891Z" level=info msg="Exec'd [/usr/share/openvswitch/scripts/ovs-ctl status] in openshift-ovn-kubernetes/ovs-node-cmd9v/ovs-daemons" id=d6191751-1897-4671-a499-6723b6c19a07 name=/runtime.v1alpha2.RuntimeService/ExecSync
May 26 09:47:31.165814 skumari-gcp-wd9nd-master-0.c.openshift-gce-devel.internal crio[1569]: time="2020-05-26 09:47:31.165754847Z" level=info msg="Attempting to run pod sandbox with infra container: openshift-kube-apiserver/installer-4-skumari-gcp-wd9nd-master-0.c.openshift-gce-devel.internal/POD" id=e90a95fb-fe65-4a2a-ba36-4dbdb7882dc8 name=/runtime.v1alpha2.RuntimeService/RunPodSandbox
May 26 09:47:31.194655 skumari-gcp-wd9nd-master-0.c.openshift-gce-devel.internal crio[1569]: time="2020-05-26 09:47:31.194583794Z" level=info msg="Got pod network &{Name:installer-4-skumari-gcp-wd9nd-master-0.c.openshift-gce-devel.internal Namespace:openshift-kube-apiserver ID:ebedcb5c900a1c3eff92386f03aa76e54dd876866ee5e1dcb6ab34dbee4fe684 NetNS:/var/run/netns/4b2eb7c6-d3a6-48c4-ab01-37aabc332b0d Networks:[] RuntimeConfig:map[multus-cni-network:{IP: MAC: PortMappings:[] Bandwidth: IpRanges:[]}]}"
May 26 09:47:31.194894 skumari-gcp-wd9nd-master-0.c.openshift-gce-devel.internal crio[1569]: time="2020-05-26 09:47:31.194864541Z" level=info msg="About to add CNI network multus-cni-network (type=multus)"
May 26 09:47:31.616004 skumari-gcp-wd9nd-master-2.c.openshift-gce-devel.internal crio[1564]: time="2020-05-26 09:47:31.615941568Z" level=info msg="Exec'd [/usr/share/openvswitch/scripts/ovs-ctl status] in openshift-ovn-kubernetes/ovs-node-frshc/ovs-daemons" id=676c42f5-36c1-4d86-977a-1279c926e1aa name=/runtime.v1alpha2.RuntimeService/ExecSync
May 26 09:47:31.617061 skumari-gcp-wd9nd-master-1.c.openshift-gce-devel.internal crio[1549]: time="2020-05-26 09:47:31.617001930Z" level=info msg="Exec'd [/usr/share/openvswitch/scripts/ovs-ctl status] in openshift-ovn-kubernetes/ovs-node-ncbjf/ovs-daemons" id=c2c4fbb0-f828-41d9-bf9a-2cf91f39bb6d name=/runtime.v1alpha2.RuntimeService/ExecSync
May 26 09:47:32.013685 skumari-gcp-wd9nd-master-0.c.openshift-gce-devel.internal crio[1569]: time="2020-05-26 09:47:32.013518722Z" level=info msg="Exec'd [/bin/sh -ec lsof -n -i :2380 | grep LISTEN] in openshift-etcd/etcd-skumari-gcp-wd9nd-master-0.c.openshift-gce-devel.internal/etcd" id=fd0faffe-d993-43ee-acab-a4514322cba9 name=/runtime.v1alpha2.RuntimeService/ExecSync
May 26 09:47:32.461981 skumari-gcp-wd9nd-master-2.c.openshift-gce-devel.internal crio[1564]: time="2020-05-26 09:47:32.461925376Z" level=info msg="Exec'd [/usr/share/openvswitch/scripts/ovs-ctl status] in openshift-ovn-kubernetes/ovs-node-frshc/ovs-daemons" id=c1538ef7-72aa-4997-9b6f-b8734b2c0095 name=/runtime.v1alpha2.RuntimeService/ExecSync
May 26 09:47:32.599769 skumari-gcp-wd9nd-master-0.c.openshift-gce-devel.internal crio[1569]: time="2020-05-26 09:47:32.599722323Z" level=info msg="Attempting to create container: openshift-kube-apiserver/kube-apiserver-skumari-gcp-wd9nd-master-0.c.openshift-gce-devel.internal/kube-apiserver" id=c15ba60b-a2a0-4d51-8490-476b12af481e name=/runtime.v1alpha2.RuntimeService/CreateContainer
May 26 09:47:32.719121 skumari-gcp-wd9nd-master-2.c.openshift-gce-devel.internal crio[1564]: time="2020-05-26 09:47:32.719055616Z" level=info msg="Exec'd [/bin/bash -c set -xe\nexec /usr/bin/ovn-appctl -t /var/run/ovn/ovnnb_db.ctl cluster/status OVN_Northbound 2>/dev/null | grep ${K8S_NODE_IP} | grep -v Address -q\n] in openshift-ovn-kubernetes/ovnkube-master-qmplt/nbdb" id=abf411bb-e658-44f4-82ed-032f8367ddf8 name=/runtime.v1alpha2.RuntimeService/ExecSync
May 26 09:47:32.775882 skumari-gcp-wd9nd-master-0.c.openshift-gce-devel.internal crio[1569]: time="2020-05-26 09:47:32.775808852Z" level=info msg="Created container 683462f6b48c3681a541ee5143e62edc5f641ace368e0b0168f8c9209f537181: openshift-kube-apiserver/kube-apiserver-skumari-gcp-wd9nd-master-0.c.openshift-gce-devel.internal/kube-apiserver" id=c15ba60b-a2a0-4d51-8490-476b12af481e name=/runtime.v1alpha2.RuntimeService/CreateContainer
May 26 09:47:32.794669 skumari-gcp-wd9nd-master-0.c.openshift-gce-devel.internal crio[1569]: time="2020-05-26 09:47:32.794600434Z" level=info msg="Started container 683462f6b48c3681a541ee5143e62edc5f641ace368e0b0168f8c9209f537181: openshift-kube-apiserver/kube-apiserver-skumari-gcp-wd9nd-master-0.c.openshift-gce-devel.internal/kube-apiserver" id=c2cc4363-8067-4d69-a61a-c2f395510990 name=/runtime.v1alpha2.RuntimeService/StartContainer
May 26 09:47:33.291243 skumari-gcp-wd9nd-master-0.c.openshift-gce-devel.internal crio[1569]: 2020-05-26T09:47:33Z [verbose] Add: openshift-kube-apiserver:installer-4-skumari-gcp-wd9nd-master-0.c.openshift-gce-devel.internal:79820983-24ab-426a-96f2-25913f42881e:(ovn-kubernetes):eth0 {"cniVersion":"0.4.0","interfaces":[{"name":"ebedcb5c900a1c3","mac":"a6:d9:05:05:3d:3d"},{"name":"eth0","mac":"3e:b5:a6:80:00:25","sandbox":"/var/run/netns/4b2eb7c6-d3a6-48c4-ab01-37aabc332b0d"}],"ips":[{"version":"4","interface":1,"address":"10.128.0.36/23","gateway":"10.128.0.1"}],"dns":{}}
May 26 09:47:33.291751 skumari-gcp-wd9nd-master-0.c.openshift-gce-devel.internal crio[1569]: I0526 09:47:33.291460 32754 event.go:221] Event(v1.ObjectReference{Kind:"Pod", Namespace:"openshift-kube-apiserver", Name:"installer-4-skumari-gcp-wd9nd-master-0.c.openshift-gce-devel.internal", UID:"79820983-24ab-426a-96f2-25913f42881e", APIVersion:"v1", ResourceVersion:"14471", FieldPath:""}): type: 'Normal' reason: 'AddedInterface' Add eth0 [10.128.0.36/23]
May 26 09:47:33.315052 skumari-gcp-wd9nd-master-0.c.openshift-gce-devel.internal crio[1569]: time="2020-05-26 09:47:33.314990597Z" level=info msg="Got pod network &{Name:installer-4-skumari-gcp-wd9nd-master-0.c.openshift-gce-devel.internal Namespace:openshift-kube-apiserver ID:ebedcb5c900a1c3eff92386f03aa76e54dd876866ee5e1dcb6ab34dbee4fe684 NetNS:/var/run/netns/4b2eb7c6-d3a6-48c4-ab01-37aabc332b0d Networks:[] RuntimeConfig:map[multus-cni-network:{IP: MAC: PortMappings:[] Bandwidth: IpRanges:[]}]}"
May 26 09:47:33.315325 skumari-gcp-wd9nd-master-0.c.openshift-gce-devel.internal crio[1569]: time="2020-05-26 09:47:33.315282086Z" level=info msg="About to check CNI network multus-cni-network (type=multus)"
May 26 09:47:34.402844 skumari-gcp-wd9nd-master-2.c.openshift-gce-devel.internal crio[1564]: time="2020-05-26 09:47:34.402656566Z" level=info msg="Exec'd [/bin/bash -c set -xe\nexec /usr/bin/ovn-appctl -t /var/run/ovn/ovnsb_db.ctl cluster/status OVN_Southbound 2>/dev/null | grep ${K8S_NODE_IP} | grep -v Address -q\n] in openshift-ovn-kubernetes/ovnkube-master-qmplt/sbdb" id=514918f1-9674-424f-a7d7-309789dfffed name=/runtime.v1alpha2.RuntimeService/ExecSync
May 26 09:47:34.469743 skumari-gcp-wd9nd-master-1.c.openshift-gce-devel.internal crio[1549]: time="2020-05-26 09:47:34.469665516Z" level=info msg="Exec'd [test -f /etc/cni/net.d/10-ovn-kubernetes.conf] in openshift-ovn-kubernetes/ovnkube-node-lgs85/ovnkube-node" id=347edfad-1ea8-42d7-9113-2e900410d4dc name=/runtime.v1alpha2.RuntimeService/ExecSync
May 26 09:47:34.716508 skumari-gcp-wd9nd-master-1.c.openshift-gce-devel.internal crio[1549]: time="2020-05-26 09:47:34.716321908Z" level=info msg="Exec'd [/bin/bash -c set -xe\nexec /usr/bin/ovn-appctl -t /var/run/ovn/ovnsb_db.ctl cluster/status OVN_Southbound 2>/dev/null | grep ${K8S_NODE_IP} | grep -v Address -q\n] in openshift-ovn-kubernetes/ovnkube-master-ssrct/sbdb" id=7b488fd0-77b3-451a-9c3b-28288209a927 name=/runtime.v1alpha2.RuntimeService/ExecSync
May 26 09:47:34.798943 skumari-gcp-wd9nd-master-2.c.openshift-gce-devel.internal crio[1564]: time="2020-05-26 09:47:34.798846641Z" level=info msg="Exec'd [test -f /etc/cni/net.d/10-ovn-kubernetes.conf] in openshift-ovn-kubernetes/ovnkube-node-bt8cv/ovnkube-node" id=01f0b6ce-692a-46a6-a1f6-4bcdf6903560 name=/runtime.v1alpha2.RuntimeService/ExecSync
May 26 09:47:34.813583 skumari-gcp-wd9nd-master-0.c.openshift-gce-devel.internal crio[1569]: time="2020-05-26 09:47:34.813527561Z" level=info msg="Exec'd [test -f /etc/cni/net.d/10-ovn-kubernetes.conf] in openshift-ovn-kubernetes/ovnkube-node-ttlvd/ovnkube-node" id=5a8b5c54-c8f1-4d9b-a833-ffcf8b027e8e name=/runtime.v1alpha2.RuntimeService/ExecSync
May 26 09:47:35.083434 skumari-gcp-wd9nd-master-0.c.openshift-gce-devel.internal crio[1569]: time="2020-05-26 09:47:35.083372275Z" level=info msg="Exec'd [/usr/share/openvswitch/scripts/ovs-ctl status] in openshift-ovn-kubernetes/ovs-node-cmd9v/ovs-daemons" id=d6ec180f-6b08-485f-8f7f-f86e231ef957 name=/runtime.v1alpha2.RuntimeService/ExecSync
May 26 09:47:35.571224 skumari-gcp-wd9nd-master-2.c.openshift-gce-devel.internal crio[1564]: time="2020-05-26 09:47:35.571143841Z" level=info msg="Exec'd [/bin/sh -ec lsof -n -i :2380 | grep LISTEN] in openshift-etcd/etcd-skumari-gcp-wd9nd-master-2.c.openshift-gce-devel.internal/etcd" id=3e75d726-81da-419d-8ce8-21a93b79ce7d name=/runtime.v1alpha2.RuntimeService/ExecSync
May 26 09:47:35.613241 skumari-gcp-wd9nd-master-0.c.openshift-gce-devel.internal crio[1569]: time="2020-05-26 09:47:35.613079761Z" level=info msg="Attempting to run pod sandbox with infra container: openshift-kube-scheduler/installer-7-skumari-gcp-wd9nd-master-0.c.openshift-gce-devel.internal/POD" id=35d212bb-03e7-47c1-a015-f1528e12e57d name=/runtime.v1alpha2.RuntimeService/RunPodSandbox
May 26 09:47:35.691608 skumari-gcp-wd9nd-master-0.c.openshift-gce-devel.internal crio[1569]: time="2020-05-26 09:47:35.691494480Z" level=info msg="Got pod network &{Name:installer-7-skumari-gcp-wd9nd-master-0.c.openshift-gce-devel.internal Namespace:openshift-kube-scheduler ID:66e79e011d1a057440807b2f653e339ceae387c9b637d30c0e250e668fc7970c NetNS:/var/run/netns/f733468e-b22e-496e-8f93-9b84864090da Networks:[] RuntimeConfig:map[multus-cni-network:{IP: MAC: PortMappings:[] Bandwidth: IpRanges:[]}]}"
May 26 09:47:35.691608 skumari-gcp-wd9nd-master-0.c.openshift-gce-devel.internal crio[1569]: time="2020-05-26 09:47:35.691555918Z" level=info msg="About to add CNI network multus-cni-network (type=multus)"
May 26 09:47:35.769526 skumari-gcp-wd9nd-master-1.c.openshift-gce-devel.internal crio[1549]: time="2020-05-26 09:47:35.769459390Z" level=info msg="Exec'd [/usr/share/openvswitch/scripts/ovs-ctl status] in openshift-ovn-kubernetes/ovs-node-ncbjf/ovs-daemons" id=0f52d896-595e-4c7c-a62b-d6478b0997d2 name=/runtime.v1alpha2.RuntimeService/ExecSync
May 26 09:47:35.829145 skumari-gcp-wd9nd-master-0.c.openshift-gce-devel.internal crio[1569]: time="2020-05-26 09:47:35.829081638Z" level=info msg="Ran pod sandbox ebedcb5c900a1c3eff92386f03aa76e54dd876866ee5e1dcb6ab34dbee4fe684 with infra container: openshift-kube-apiserver/installer-4-skumari-gcp-wd9nd-master-0.c.openshift-gce-devel.internal/POD" id=e90a95fb-fe65-4a2a-ba36-4dbdb7882dc8 name=/runtime.v1alpha2.RuntimeService/RunPodSandbox
May 26 09:47:35.838444 skumari-gcp-wd9nd-master-0.c.openshift-gce-devel.internal crio[1569]: time="2020-05-26 09:47:35.838388257Z" level=info msg="Attempting to create container: openshift-kube-apiserver/installer-4-skumari-gcp-wd9nd-master-0.c.openshift-gce-devel.internal/installer" id=aee9026d-f655-4513-9dac-b02755ccb8a6 name=/runtime.v1alpha2.RuntimeService/CreateContainer
May 26 09:47:36.028820 skumari-gcp-wd9nd-master-1.c.openshift-gce-devel.internal crio[1549]: time="2020-05-26 09:47:36.028741211Z" level=info msg="Exec'd [/bin/sh -ec lsof -n -i :2380 | grep LISTEN] in openshift-etcd/etcd-skumari-gcp-wd9nd-master-1.c.openshift-gce-devel.internal/etcd" id=846a21a0-dfcc-43b0-a175-c9f44f5e9c38 name=/runtime.v1alpha2.RuntimeService/ExecSync
May 26 09:47:36.142424 skumari-gcp-wd9nd-master-0.c.openshift-gce-devel.internal crio[1569]: time="2020-05-26 09:47:36.142297145Z" level=info msg="Exec'd [/usr/share/openvswitch/scripts/ovs-ctl status] in openshift-ovn-kubernetes/ovs-node-cmd9v/ovs-daemons" id=4475dbbe-1494-4ff1-9ec1-4675cc247d98 name=/runtime.v1alpha2.RuntimeService/ExecSync
May 26 09:47:36.600969 skumari-gcp-wd9nd-master-2.c.openshift-gce-devel.internal crio[1564]: time="2020-05-26 09:47:36.600790973Z" level=info msg="Exec'd [/usr/share/openvswitch/scripts/ovs-ctl status] in openshift-ovn-kubernetes/ovs-node-frshc/ovs-daemons" id=3986ccb4-3bdb-4052-9fdc-3cc37b58f179 name=/runtime.v1alpha2.RuntimeService/ExecSync
May 26 09:47:36.617429 skumari-gcp-wd9nd-master-1.c.openshift-gce-devel.internal crio[1549]: time="2020-05-26 09:47:36.617317114Z" level=info msg="Exec'd [/usr/share/openvswitch/scripts/ovs-ctl status] in openshift-ovn-kubernetes/ovs-node-ncbjf/ovs-daemons" id=8f784a85-0826-42ff-9295-e7da7a115bab name=/runtime.v1alpha2.RuntimeService/ExecSync
May 26 09:47:36.796164 skumari-gcp-wd9nd-master-0.c.openshift-gce-devel.internal crio[1569]: time="2020-05-26 09:47:36.795980459Z" level=info msg="Created container c554f494935c528e16121c020f9e20580c3d98bda40fb382a58d8a3775b329b5: openshift-kube-apiserver/installer-4-skumari-gcp-wd9nd-master-0.c.openshift-gce-devel.internal/installer" id=aee9026d-f655-4513-9dac-b02755ccb8a6 name=/runtime.v1alpha2.RuntimeService/CreateContainer
May 26 09:47:36.825985 skumari-gcp-wd9nd-master-0.c.openshift-gce-devel.internal crio[1569]: time="2020-05-26 09:47:36.825906079Z" level=info msg="Started container c554f494935c528e16121c020f9e20580c3d98bda40fb382a58d8a3775b329b5: openshift-kube-apiserver/installer-4-skumari-gcp-wd9nd-master-0.c.openshift-gce-devel.internal/installer" id=0fea9a30-5bac-445c-9c06-c6335b12fcdd name=/runtime.v1alpha2.RuntimeService/StartContainer
May 26 09:47:37.039764 skumari-gcp-wd9nd-master-0.c.openshift-gce-devel.internal crio[1569]: time="2020-05-26 09:47:37.039703206Z" level=info msg="Exec'd [/bin/sh -ec lsof -n -i :2380 | grep LISTEN] in openshift-etcd/etcd-skumari-gcp-wd9nd-master-0.c.openshift-gce-devel.internal/etcd" id=273bd4c8-a622-4e99-91b0-5e027c2ac4bc name=/runtime.v1alpha2.RuntimeService/ExecSync
May 26 09:47:37.218796 skumari-gcp-wd9nd-master-1.c.openshift-gce-devel.internal crio[1549]: time="2020-05-26 09:47:37.218722434Z" level=info msg="Exec'd [/bin/bash -c set -xe\nexec /usr/bin/ovn-appctl -t /var/run/ovn/ovnnb_db.ctl cluster/status OVN_Northbound 2>/dev/null | grep ${K8S_NODE_IP} | grep -v Address -q\n] in openshift-ovn-kubernetes/ovnkube-master-ssrct/nbdb" id=6b3d7d7e-388c-4838-9433-4a9f42b29dd3 name=/runtime.v1alpha2.RuntimeService/ExecSync
May 26 09:47:37.480037 skumari-gcp-wd9nd-master-2.c.openshift-gce-devel.internal crio[1564]: time="2020-05-26 09:47:37.479977058Z" level=info msg="Exec'd [/usr/share/openvswitch/scripts/ovs-ctl status] in openshift-ovn-kubernetes/ovs-node-frshc/ovs-daemons" id=a6813880-9240-4e2f-8fab-9547cc4e5260 name=/runtime.v1alpha2.RuntimeService/ExecSync
May 26 09:47:37.609352 skumari-gcp-wd9nd-master-1.c.openshift-gce-devel.internal crio[1549]: time="2020-05-26 09:47:37.607065241Z" level=info msg="Attempting to run pod sandbox with infra container: openshift-kube-scheduler/revision-pruner-7-skumari-gcp-wd9nd-master-1.c.openshift-gce-devel.internal/POD" id=69f1cd6e-955b-485a-a0ad-f99d4fdc18a0 name=/runtime.v1alpha2.RuntimeService/RunPodSandbox
May 26 09:47:37.658281 skumari-gcp-wd9nd-master-1.c.openshift-gce-devel.internal crio[1549]: time="2020-05-26 09:47:37.657928466Z" level=info msg="Got pod network &{Name:revision-pruner-7-skumari-gcp-wd9nd-master-1.c.openshift-gce-devel.internal Namespace:openshift-kube-scheduler ID:3d17fa840451b72a682daa84d5a40c72c293f43a41843c0326cd3406433ed934 NetNS:/var/run/netns/559e5ccf-b0a8-4e09-8b89-cf6f2ff93090 Networks:[] RuntimeConfig:map[multus-cni-network:{IP: MAC: PortMappings:[] Bandwidth: IpRanges:[]}]}"
May 26 09:47:37.658281 skumari-gcp-wd9nd-master-1.c.openshift-gce-devel.internal crio[1549]: time="2020-05-26 09:47:37.657980717Z" level=info msg="About to add CNI network multus-cni-network (type=multus)"
May 26 09:47:38.023150 skumari-gcp-wd9nd-master-0.c.openshift-gce-devel.internal crio[1569]: 2020-05-26T09:47:38Z [verbose] Add: openshift-kube-scheduler:installer-7-skumari-gcp-wd9nd-master-0.c.openshift-gce-devel.internal:d5a03239-ec66-4cb0-b258-8be3bd8dfe42:(ovn-kubernetes):eth0 {"cniVersion":"0.4.0","interfaces":[{"name":"66e79e011d1a057","mac":"3a:46:d8:54:5c:26"},{"name":"eth0","mac":"3e:b5:a6:80:00:26","sandbox":"/var/run/netns/f733468e-b22e-496e-8f93-9b84864090da"}],"ips":[{"version":"4","interface":1,"address":"10.128.0.37/23","gateway":"10.128.0.1"}],"dns":{}}
May 26 09:47:38.025149 skumari-gcp-wd9nd-master-0.c.openshift-gce-devel.internal crio[1569]: I0526 09:47:38.022237 32993 event.go:221] Event(v1.ObjectReference{Kind:"Pod", Namespace:"openshift-kube-scheduler", Name:"installer-7-skumari-gcp-wd9nd-master-0.c.openshift-gce-devel.internal", UID:"d5a03239-ec66-4cb0-b258-8be3bd8dfe42", APIVersion:"v1", ResourceVersion:"14497", FieldPath:""}): type: 'Normal' reason: 'AddedInterface' Add eth0 [10.128.0.37/23]
May 26 09:47:38.088153 skumari-gcp-wd9nd-master-0.c.openshift-gce-devel.internal crio[1569]: time="2020-05-26 09:47:38.073214446Z" level=info msg="Got pod network &{Name:installer-7-skumari-gcp-wd9nd-master-0.c.openshift-gce-devel.internal Namespace:openshift-kube-scheduler ID:66e79e011d1a057440807b2f653e339ceae387c9b637d30c0e250e668fc7970c NetNS:/var/run/netns/f733468e-b22e-496e-8f93-9b84864090da Networks:[] RuntimeConfig:map[multus-cni-network:{IP: MAC: PortMappings:[] Bandwidth: IpRanges:[]}]}"
May 26 09:47:38.088711 skumari-gcp-wd9nd-master-0.c.openshift-gce-devel.internal crio[1569]: time="2020-05-26 09:47:38.088540223Z" level=info msg="About to check CNI network multus-cni-network (type=multus)"
May 26 09:47:38.121684 skumari-gcp-wd9nd-master-2.c.openshift-gce-devel.internal crio[1564]: time="2020-05-26 09:47:38.119128640Z" level=info msg="Attempting to run pod sandbox with infra container: openshift-machine-config-operator/machine-config-daemon-w7t29/POD" id=eb602d5b-8ef9-4cd2-b099-c135fdaf5a96 name=/runtime.v1alpha2.RuntimeService/RunPodSandbox
May 26 09:47:38.188359 skumari-gcp-wd9nd-master-1.c.openshift-gce-devel.internal crio[1549]: time="2020-05-26 09:47:38.178531259Z" level=info msg="Attempting to run pod sandbox with infra container: openshift-machine-config-operator/machine-config-daemon-btdjh/POD" id=b345a852-22fb-42a8-acf4-5e83c178c852 name=/runtime.v1alpha2.RuntimeService/RunPodSandbox
May 26 09:47:38.199226 skumari-gcp-wd9nd-master-0.c.openshift-gce-devel.internal crio[1569]: time="2020-05-26 09:47:38.199168899Z" level=info msg="Attempting to run pod sandbox with infra container: openshift-machine-config-operator/machine-config-daemon-g9sj5/POD" id=fa87d19b-e026-467b-8143-03f1ed69b23a name=/runtime.v1alpha2.RuntimeService/RunPodSandbox
May 26 09:47:38.486981 skumari-gcp-wd9nd-master-2.c.openshift-gce-devel.internal crio[1564]: time="2020-05-26 09:47:38.486896894Z" level=info msg="Ran pod sandbox c50631f526523b71fe95743cee46a99c56b4ce69f6aee03c93cd774f7bb6195b with infra container: openshift-machine-config-operator/machine-config-daemon-w7t29/POD" id=eb602d5b-8ef9-4cd2-b099-c135fdaf5a96 name=/runtime.v1alpha2.RuntimeService/RunPodSandbox
May 26 09:47:38.492709 skumari-gcp-wd9nd-master-2.c.openshift-gce-devel.internal crio[1564]: time="2020-05-26 09:47:38.492662994Z" level=info msg="Attempting to create container: openshift-machine-config-operator/machine-config-daemon-w7t29/machine-config-daemon" id=5231c57f-0c82-46dc-a273-d072af6017e9 name=/runtime.v1alpha2.RuntimeService/CreateContainer
May 26 09:47:38.587151 skumari-gcp-wd9nd-master-1.c.openshift-gce-devel.internal crio[1549]: time="2020-05-26 09:47:38.587088238Z" level=info msg="Ran pod sandbox cb00f2cbd1215498f46fa1c807f809e45ef1de0db15c43fd1e66c4d05db9d33f with infra container: openshift-machine-config-operator/machine-config-daemon-btdjh/POD" id=b345a852-22fb-42a8-acf4-5e83c178c852 name=/runtime.v1alpha2.RuntimeService/RunPodSandbox
May 26 09:47:38.595145 skumari-gcp-wd9nd-master-1.c.openshift-gce-devel.internal crio[1549]: time="2020-05-26 09:47:38.595085423Z" level=info msg="Attempting to create container: openshift-machine-config-operator/machine-config-daemon-btdjh/machine-config-daemon" id=0369379a-f5b1-4581-a719-1cd5ea5a0dad name=/runtime.v1alpha2.RuntimeService/CreateContainer
May 26 09:47:38.618535 skumari-gcp-wd9nd-master-0.c.openshift-gce-devel.internal crio[1569]: time="2020-05-26 09:47:38.618454318Z" level=info msg="Attempting to create container: openshift-kube-controller-manager/kube-controller-manager-skumari-gcp-wd9nd-master-0.c.openshift-gce-devel.internal/cluster-policy-controller" id=fd4f7911-ee6f-4383-8cbc-ce769c396c23 name=/runtime.v1alpha2.RuntimeService/CreateContainer
May 26 09:47:38.668674 skumari-gcp-wd9nd-master-2.c.openshift-gce-devel.internal crio[1564]: time="2020-05-26 09:47:38.668598876Z" level=info msg="Created container e2c6d38b5289045b006452fbb224b42a8cb3aa9aaea0f0e4e411a2934387db0d: openshift-machine-config-operator/machine-config-daemon-w7t29/machine-config-daemon" id=5231c57f-0c82-46dc-a273-d072af6017e9 name=/runtime.v1alpha2.RuntimeService/CreateContainer
May 26 09:47:38.685724 skumari-gcp-wd9nd-master-2.c.openshift-gce-devel.internal crio[1564]: time="2020-05-26 09:47:38.685575436Z" level=info msg="Started container e2c6d38b5289045b006452fbb224b42a8cb3aa9aaea0f0e4e411a2934387db0d: openshift-machine-config-operator/machine-config-daemon-w7t29/machine-config-daemon" id=9e2298de-b419-4531-b5b1-51165ed23100 name=/runtime.v1alpha2.RuntimeService/StartContainer
May 26 09:47:38.767519 skumari-gcp-wd9nd-master-1.c.openshift-gce-devel.internal crio[1549]: time="2020-05-26 09:47:38.767449914Z" level=info msg="Created container 7abf6c80f5124d9a4feb4612f603aa58cbae1a3a8d886e2eb66ed40701a9c63d: openshift-machine-config-operator/machine-config-daemon-btdjh/machine-config-daemon" id=0369379a-f5b1-4581-a719-1cd5ea5a0dad name=/runtime.v1alpha2.RuntimeService/CreateContainer
May 26 09:47:38.787715 skumari-gcp-wd9nd-master-1.c.openshift-gce-devel.internal crio[1549]: time="2020-05-26 09:47:38.787610479Z" level=info msg="Started container 7abf6c80f5124d9a4feb4612f603aa58cbae1a3a8d886e2eb66ed40701a9c63d: openshift-machine-config-operator/machine-config-daemon-btdjh/machine-config-daemon" id=6c82addc-9fa0-489a-b1bf-20c11b00dbd7 name=/runtime.v1alpha2.RuntimeService/StartContainer
May 26 09:47:39.026726 skumari-gcp-wd9nd-master-0.c.openshift-gce-devel.internal crio[1569]: time="2020-05-26 09:47:39.026492080Z" level=info msg="Created container 6b85d077a36638c357e57e21e3f3c903bd67526931e4ad28f938f16014b30ef0: openshift-kube-controller-manager/kube-controller-manager-skumari-gcp-wd9nd-master-0.c.openshift-gce-devel.internal/cluster-policy-controller" id=fd4f7911-ee6f-4383-8cbc-ce769c396c23 name=/runtime.v1alpha2.RuntimeService/CreateContainer
